CRAN Package Check Results for Package ncdfgeom

Last updated on 2021-06-20 09:49:57 CEST.

Flavor Version Tinstall Tcheck Ttotal Status Flags
r-devel-linux-x86_64-debian-clang 1.1.1 8.10 101.07 109.17 OK
r-devel-linux-x86_64-debian-gcc 1.1.1 7.12 75.52 82.64 OK
r-devel-linux-x86_64-fedora-clang 1.1.1 137.49 OK
r-devel-linux-x86_64-fedora-gcc 1.1.1 126.05 OK
r-devel-windows-x86_64 1.1.1 13.00 120.00 133.00 OK
r-devel-windows-x86_64-gcc10-UCRT 1.1.1 ERROR
r-patched-linux-x86_64 1.1.1 7.59 93.52 101.11 OK
r-patched-solaris-x86 1.1.1 197.80 OK
r-release-linux-x86_64 1.1.1 7.83 96.05 103.88 OK
r-release-macos-arm64 1.1.1 OK
r-release-macos-x86_64 1.1.1 OK
r-release-windows-ix86+x86_64 1.1.1 17.00 119.00 136.00 OK
r-oldrel-macos-x86_64 1.1.1 OK
r-oldrel-windows-ix86+x86_64 1.1.1 12.00 96.00 108.00 OK

Check Details

Version: 1.1.1
Check: package dependencies
Result: NOTE
    Packages suggested but not available for checking: 'pkgdown', 'geoknife'
Flavor: r-devel-windows-x86_64-gcc10-UCRT

Version: 1.1.1
Check: tests
Result: ERROR
     Running 'testthat.R'
    Running the tests in 'tests/testthat.R' failed.
    Last 13 lines of output:
    
     == Failed tests ================================================================
     -- Error (test_read-write_timeseries_dsg.R:18:3): Create basic DSG file --------
     Error: there is no package called 'geoknife'
     Backtrace:
     x
     1. +-ncdfgeom:::get_sample_timeseries_data() test_read-write_timeseries_dsg.R:18:2
     2. \-base::loadNamespace(x) C:\msys64\home\tomas\ucrt3\svn\ucrt3\r_packages\pkgcheck\CRAN\ncdfgeom\ncdfgeom.Rcheck\tests\testthat\helper-functions.R:77:2
     3. \-base::withRestarts(stop(cond), retry_loadNamespace = function() NULL)
     4. \-base:::withOneRestart(expr, restarts[[1L]])
     5. \-base:::doWithOneRestart(return(expr), restart)
    
     [ FAIL 1 | WARN 0 | SKIP 2 | PASS 688 ]
     Error: Test failures
     Execution halted
Flavor: r-devel-windows-x86_64-gcc10-UCRT

Version: 1.1.1
Check: re-building of vignette outputs
Result: WARN
    Error(s) in re-building vignettes:
    --- re-building 'geometry.Rmd' using rmarkdown
    --- finished re-building 'geometry.Rmd'
    
    --- re-building 'ncdfgeom.Rmd' using rmarkdown
    Linking to GEOS 3.6.2, GDAL 3.0.4, PROJ 7.0.0
    
    Attaching package: 'dplyr'
    
    The following objects are masked from 'package:stats':
    
     filter, lag
    
    The following objects are masked from 'package:base':
    
     intersect, setdiff, setequal, union
    
    ****Support Package****
    This package is a USGS-R Support package.
    see: https://owi.usgs.gov/R/packages.html#support
    --- finished re-building 'ncdfgeom.Rmd'
    
    --- re-building 'timeseries.Rmd' using rmarkdown
    Quitting from lines 34-46 (timeseries.Rmd)
    Error: processing vignette 'timeseries.Rmd' failed with diagnostics:
    there is no package called 'geoknife'
    --- failed re-building 'timeseries.Rmd'
    
    SUMMARY: processing the following file failed:
     'timeseries.Rmd'
    
    Error: Vignette re-building failed.
    Execution halted
Flavor: r-devel-windows-x86_64-gcc10-UCRT