CRAN Package Check Results for Package ncdf4

Last updated on 2020-02-21 17:47:52 CET.

Flavor Version Tinstall Tcheck Ttotal Status Flags
r-devel-linux-x86_64-debian-clang 1.17 8.12 33.86 41.98 OK
r-devel-linux-x86_64-debian-gcc 1.17 6.47 26.30 32.77 OK
r-devel-linux-x86_64-fedora-clang 1.17 52.01 OK
r-devel-linux-x86_64-fedora-gcc 1.17 48.81 OK
r-devel-windows-ix86+x86_64 1.17 28.00 78.00 106.00 NOTE
r-devel-windows-ix86+x86_64-gcc8 1.17 30.00 92.00 122.00 NOTE
r-patched-linux-x86_64 1.17 6.87 30.84 37.71 OK
r-patched-solaris-x86 1.17 58.90 OK
r-release-linux-x86_64 1.17 7.20 30.61 37.81 OK
r-release-windows-ix86+x86_64 1.17 27.00 98.00 125.00 NOTE
r-release-osx-x86_64 1.17 NOTE
r-oldrel-windows-ix86+x86_64 1.17 21.00 89.00 110.00 NOTE
r-oldrel-osx-x86_64 1.17 NOTE

Check Details

Version: 1.17
Check: installed package size
Result: NOTE
     installed size is 8.7Mb
     sub-directories of 1Mb or more:
     libs 8.4Mb
Flavors: r-devel-windows-ix86+x86_64, r-devel-windows-ix86+x86_64-gcc8, r-release-windows-ix86+x86_64, r-release-osx-x86_64, r-oldrel-windows-ix86+x86_64, r-oldrel-osx-x86_64