CRAN Package Check Results for Package ncappc

Last updated on 2021-04-15 09:50:08 CEST.

Flavor Version Tinstall Tcheck Ttotal Status Flags
r-devel-linux-x86_64-debian-clang 0.3.0 13.11 92.40 105.51 NOTE
r-devel-linux-x86_64-debian-gcc 0.3.0 10.59 69.01 79.60 NOTE
r-devel-linux-x86_64-fedora-clang 0.3.0 136.82 NOTE
r-devel-linux-x86_64-fedora-gcc 0.3.0 130.22 NOTE
r-devel-windows-ix86+x86_64 0.3.0 27.00 6.00 33.00 ERROR
r-devel-windows-x86_64-gcc10-UCRT 0.3.0 NOTE
r-patched-linux-x86_64 0.3.0 12.64 84.43 97.07 OK
r-patched-solaris-x86 0.3.0 169.30 NOTE
r-release-linux-x86_64 0.3.0 12.57 84.37 96.94 OK
r-release-macos-x86_64 0.3.0 NOTE
r-release-windows-ix86+x86_64 0.3.0 28.00 109.00 137.00 OK
r-oldrel-macos-x86_64 0.3.0 NOTE
r-oldrel-windows-ix86+x86_64 0.3.0 16.00 77.00 93.00 OK

Check Details

Version: 0.3.0
Check: LazyData
Result: NOTE
     'LazyData' is specified without a 'data' directory
Flavors: r-devel-linux-x86_64-debian-clang, r-devel-linux-x86_64-debian-gcc, r-devel-linux-x86_64-fedora-clang, r-devel-linux-x86_64-fedora-gcc, r-devel-windows-x86_64-gcc10-UCRT

Version: 0.3.0
Check: dependencies in R code
Result: NOTE
    Namespace in Imports field not imported from: ‘bookdown’
     All declared Imports should be used.
Flavors: r-devel-linux-x86_64-fedora-clang, r-devel-linux-x86_64-fedora-gcc, r-devel-windows-x86_64-gcc10-UCRT, r-patched-solaris-x86, r-release-macos-x86_64, r-oldrel-macos-x86_64

Version: 0.3.0
Check: whether package can be installed
Result: ERROR
    Installation failed.
    See 'd:/Rcompile/CRANpkg/local/4.1/ncappc.Rcheck/00install.out'
Flavor: r-devel-windows-ix86+x86_64