CRAN Package Check Results for Package nat

Last updated on 2021-04-15 09:50:07 CEST.

Flavor Version Tinstall Tcheck Ttotal Status Flags
r-devel-linux-x86_64-debian-clang 1.8.16 17.27 158.09 175.36 OK
r-devel-linux-x86_64-debian-gcc 1.8.16 13.59 119.07 132.66 OK
r-devel-linux-x86_64-fedora-clang 1.8.16 214.09 OK
r-devel-linux-x86_64-fedora-gcc 1.8.16 217.03 OK
r-devel-windows-ix86+x86_64 1.8.16 32.00 6.00 38.00 ERROR
r-devel-windows-x86_64-gcc10-UCRT 1.8.16 WARN
r-patched-linux-x86_64 1.8.16 15.81 148.84 164.65 OK
r-patched-solaris-x86 1.8.16 257.80 WARN
r-release-linux-x86_64 1.8.16 16.02 148.80 164.82 OK
r-release-macos-x86_64 1.8.16 OK
r-release-windows-ix86+x86_64 1.8.16 44.00 192.00 236.00 OK
r-oldrel-macos-x86_64 1.8.16 WARN
r-oldrel-windows-ix86+x86_64 1.8.16 23.00 136.00 159.00 OK

Check Details

Version: 1.8.16
Check: whether package can be installed
Result: ERROR
    Installation failed.
    See *
Flavor: r-devel-windows-ix86+x86_64

Version: 1.8.16
Check: re-building of vignette outputs
Result: WARN
    Error(s) in re-building vignettes:
    --- re-building 'Installation.Rmd' using rmarkdown
    --- finished re-building 'Installation.Rmd'
    
    --- re-building 'neurons-intro.Rmd' using rmarkdown
    Loading required package: rgl
    Registered S3 method overwritten by 'nat':
     method from
     as.mesh3d.ashape3d rgl
    Some nat functions depend on a CMTK installation. See ?cmtk and README.md for details.
    
    Attaching package: 'nat'
    
    The following objects are masked from 'package:base':
    
     intersect, setdiff, union
    
    Warning in snapshot3d(paste0(name, ".png")) :
     webshot = TRUE requires the webshot2 package; using rgl.snapshot() instead
    Quitting from lines 427-431 (neurons-intro.Rmd)
    Error: processing vignette 'neurons-intro.Rmd' failed with diagnostics:
    pixmap save format not supported in this build
    --- failed re-building 'neurons-intro.Rmd'
    
    SUMMARY: processing the following file failed:
     'neurons-intro.Rmd'
    
    Error: Vignette re-building failed.
    Execution halted
Flavor: r-devel-windows-x86_64-gcc10-UCRT

Version: 1.8.16
Check: re-building of vignette outputs
Result: WARN
    Error(s) in re-building vignettes:
     ...
    --- re-building ‘Installation.Rmd’ using rmarkdown
    Warning in engine$weave(file, quiet = quiet, encoding = enc) :
     Pandoc (>= 1.12.3) and/or pandoc-citeproc not available. Falling back to R Markdown v1.
    --- finished re-building ‘Installation.Rmd’
    
    --- re-building ‘neurons-intro.Rmd’ using rmarkdown
    Warning in engine$weave(file, quiet = quiet, encoding = enc) :
     Pandoc (>= 1.12.3) and/or pandoc-citeproc not available. Falling back to R Markdown v1.
    Loading required package: rgl
    Registered S3 method overwritten by 'nat':
     method from
     as.mesh3d.ashape3d rgl
    Some nat functions depend on a CMTK installation. See ?cmtk and README.md for details.
    
    Attaching package: 'nat'
    
    The following objects are masked from 'package:base':
    
     intersect, setdiff, union
    
    PhantomJS not found. You can install it with webshot::install_phantomjs(). If it is installed, please make sure the phantomjs executable can be found via the PATH variable.
    Quitting from lines 413-417 (neurons-intro.Rmd)
    Error: processing vignette 'neurons-intro.Rmd' failed with diagnostics:
    invalid 'path' argument
    --- failed re-building ‘neurons-intro.Rmd’
    
    SUMMARY: processing the following file failed:
     ‘neurons-intro.Rmd’
    
    Error: Vignette re-building failed.
    Execution halted
Flavor: r-patched-solaris-x86

Version: 1.8.16
Check: whether package can be installed
Result: WARN
    Found the following significant warnings:
     Warning: 'rgl.init' failed, running with 'rgl.useNULL = TRUE'.
Flavor: r-oldrel-macos-x86_64