CRAN Package Check Results for Package nametagger

Last updated on 2021-06-20 09:49:57 CEST.

Flavor Version Tinstall Tcheck Ttotal Status Flags
r-devel-linux-x86_64-debian-clang 0.1.1 1110.82 47.94 1158.76 OK
r-devel-linux-x86_64-debian-gcc 0.1.1 675.25 37.55 712.80 OK
r-devel-linux-x86_64-fedora-clang 0.1.1 1770.62 NOTE
r-devel-linux-x86_64-fedora-gcc 0.1.1 1430.00 NOTE
r-devel-windows-x86_64 0.1.1 1241.00 81.00 1322.00 NOTE
r-devel-windows-x86_64-gcc10-UCRT 0.1.1 NOTE
r-patched-linux-x86_64 0.1.1 807.17 46.53 853.70 OK
r-patched-solaris-x86 0.1.1 1028.50 NOTE
r-release-linux-x86_64 0.1.1 810.32 45.57 855.89 OK
r-release-macos-arm64 0.1.1 NOTE
r-release-macos-x86_64 0.1.1 NOTE
r-release-windows-ix86+x86_64 0.1.1 2386.00 114.00 2500.00 NOTE
r-oldrel-macos-x86_64 0.1.1 NOTE
r-oldrel-windows-ix86+x86_64 0.1.1 1777.00 120.00 1897.00 NOTE

Check Details

Version: 0.1.1
Check: installed package size
Result: NOTE
     installed size is 25.7Mb
     sub-directories of 1Mb or more:
     data 1.9Mb
     libs 22.6Mb
     models 1.1Mb
Flavors: r-devel-linux-x86_64-fedora-clang, r-devel-windows-x86_64, r-patched-solaris-x86, r-release-macos-arm64, r-release-macos-x86_64, r-release-windows-ix86+x86_64, r-oldrel-macos-x86_64, r-oldrel-windows-ix86+x86_64

Version: 0.1.1
Check: data for non-ASCII characters
Result: NOTE
     Note: found 47936 marked UTF-8 strings
Flavors: r-devel-linux-x86_64-fedora-clang, r-devel-linux-x86_64-fedora-gcc, r-devel-windows-x86_64-gcc10-UCRT, r-patched-solaris-x86, r-release-macos-arm64, r-release-macos-x86_64, r-oldrel-macos-x86_64