CRAN Package Check Results for Package nakagami

Last updated on 2021-06-16 09:53:30 CEST.

Flavor Version Tinstall Tcheck Ttotal Status Flags
r-devel-linux-x86_64-debian-clang 1.0.0 1.86 22.09 23.95 NOTE
r-devel-linux-x86_64-debian-gcc 1.0.0 1.44 17.46 18.90 NOTE
r-devel-linux-x86_64-fedora-clang 1.0.0 38.00 NOTE
r-devel-linux-x86_64-fedora-gcc 1.0.0 27.42 NOTE
r-devel-windows-x86_64 1.0.0 3.00 37.00 40.00 NOTE
r-devel-windows-x86_64-gcc10-UCRT 1.0.0 NOTE
r-patched-linux-x86_64 1.0.0 1.71 21.33 23.04 NOTE
r-patched-solaris-x86 1.0.0 44.70 NOTE
r-release-linux-x86_64 1.0.0 1.68 21.27 22.95 NOTE
r-release-macos-arm64 1.0.0 NOTE
r-release-macos-x86_64 1.0.0 NOTE
r-release-windows-ix86+x86_64 1.0.0 4.00 36.00 40.00 NOTE
r-oldrel-macos-x86_64 1.0.0 OK
r-oldrel-windows-ix86+x86_64 1.0.0 3.00 38.00 41.00 OK

Check Details

Version: 1.0.0
Check: LazyData
Result: NOTE
     'LazyData' is specified without a 'data' directory
Flavors: r-devel-linux-x86_64-debian-clang, r-devel-linux-x86_64-debian-gcc, r-devel-linux-x86_64-fedora-clang, r-devel-linux-x86_64-fedora-gcc, r-devel-windows-x86_64, r-devel-windows-x86_64-gcc10-UCRT, r-patched-linux-x86_64, r-patched-solaris-x86, r-release-linux-x86_64, r-release-macos-arm64, r-release-macos-x86_64, r-release-windows-ix86+x86_64