CRAN Package Check Results for Package naaccr

Last updated on 2021-06-24 09:52:37 CEST.

Flavor Version Tinstall Tcheck Ttotal Status Flags
r-devel-linux-x86_64-debian-clang 1.0.0 4.34 116.85 121.19 OK
r-devel-linux-x86_64-debian-gcc 1.0.0 3.50 83.78 87.28 OK
r-devel-linux-x86_64-fedora-clang 1.0.0 120.88 NOTE
r-devel-linux-x86_64-fedora-gcc 1.0.0 98.40 NOTE
r-devel-windows-x86_64 1.0.0 8.00 69.00 77.00 OK
r-devel-windows-x86_64-gcc10-UCRT 1.0.0 NOTE
r-patched-linux-x86_64 1.0.0 4.02 92.57 96.59 OK
r-patched-solaris-x86 1.0.0 120.40 NOTE
r-release-linux-x86_64 1.0.0 3.71 92.55 96.26 OK
r-release-macos-arm64 1.0.0 NOTE
r-release-macos-x86_64 1.0.0 NOTE
r-release-windows-ix86+x86_64 1.0.0 8.00 64.00 72.00 OK
r-oldrel-macos-x86_64 1.0.0 NOTE

Check Details

Version: 1.0.0
Check: data for non-ASCII characters
Result: NOTE
     Note: found 50 marked UTF-8 strings
Flavors: r-devel-linux-x86_64-fedora-clang, r-devel-linux-x86_64-fedora-gcc, r-devel-windows-x86_64-gcc10-UCRT, r-patched-solaris-x86, r-release-macos-arm64, r-release-macos-x86_64, r-oldrel-macos-x86_64

Version: 1.0.0
Check: package dependencies
Result: NOTE
    Packages suggested but not available for checking:
     'devtools', 'httr', 'rvest'
Flavor: r-devel-windows-x86_64-gcc10-UCRT