CRAN Package Check Results for Package nCopula

Last updated on 2020-03-30 20:48:34 CEST.

Flavor Version Tinstall Tcheck Ttotal Status Flags
r-devel-linux-x86_64-debian-clang 0.1.1 10.03 73.94 83.97 OK
r-devel-linux-x86_64-debian-gcc 0.1.1 8.66 58.65 67.31 OK
r-devel-linux-x86_64-fedora-clang 0.1.1 101.64 NOTE
r-devel-linux-x86_64-fedora-gcc 0.1.1 101.28 NOTE
r-devel-windows-ix86+x86_64 0.1.1 21.00 76.00 97.00 OK
r-devel-windows-ix86+x86_64-gcc8 0.1.1 19.00 82.00 101.00 OK
r-patched-linux-x86_64 0.1.1 10.13 70.59 80.72 OK
r-patched-solaris-x86 0.1.1 165.10 NOTE
r-release-linux-x86_64 0.1.1 7.22 63.43 70.65 OK
r-release-windows-ix86+x86_64 0.1.1 25.00 106.00 131.00 OK
r-release-osx-x86_64 0.1.1 NOTE
r-oldrel-windows-ix86+x86_64 0.1.1 16.00 96.00 112.00 OK
r-oldrel-osx-x86_64 0.1.1 NOTE

Check Details

Version: 0.1.1
Check: dependencies in R code
Result: NOTE
    Namespaces in Imports field not imported from:
     ‘Deriv’ ‘compiler’ ‘stringi’
     All declared Imports should be used.
Flavors: r-devel-linux-x86_64-fedora-clang, r-devel-linux-x86_64-fedora-gcc, r-patched-solaris-x86, r-release-osx-x86_64, r-oldrel-osx-x86_64