CRAN Package Check Results for Package mvSLOUCH

Last updated on 2021-06-20 09:49:57 CEST.

Flavor Version Tinstall Tcheck Ttotal Status Flags
r-devel-linux-x86_64-debian-clang 2.6.5 35.11 231.58 266.69 OK
r-devel-linux-x86_64-debian-gcc 2.6.5 24.36 169.08 193.44 OK
r-devel-linux-x86_64-fedora-clang 2.6.5 321.35 NOTE
r-devel-linux-x86_64-fedora-gcc 2.6.5 309.08 NOTE
r-devel-windows-x86_64 2.6.5 48.00 247.00 295.00 OK
r-devel-windows-x86_64-gcc10-UCRT 2.6.5 WARN
r-patched-linux-x86_64 2.6.5 36.46 219.59 256.05 OK
r-patched-solaris-x86 2.6.5 407.20 NOTE
r-release-linux-x86_64 2.6.5 27.19 219.69 246.88 OK
r-release-macos-arm64 2.6.5 NOTE
r-release-macos-x86_64 2.6.5 NOTE
r-release-windows-ix86+x86_64 2.6.5 41.00 249.00 290.00 OK
r-oldrel-macos-x86_64 2.6.5 NOTE
r-oldrel-windows-ix86+x86_64 2.6.5 43.00 268.00 311.00 OK

Check Details

Version: 2.6.5
Check: dependencies in R code
Result: NOTE
    Namespace in Imports field not imported from: ‘matrixcalc’
     All declared Imports should be used.
Flavors: r-devel-linux-x86_64-fedora-clang, r-devel-linux-x86_64-fedora-gcc, r-devel-windows-x86_64-gcc10-UCRT, r-patched-solaris-x86, r-release-macos-arm64, r-release-macos-x86_64, r-oldrel-macos-x86_64

Version: 2.6.5
Check: Rd cross-references
Result: NOTE
    Undeclared package ‘mvMORPH’ in Rd xrefs
Flavor: r-devel-linux-x86_64-fedora-clang

Version: 2.6.5
Check: package dependencies
Result: NOTE
    Package suggested but not available for checking: 'rdryad'
Flavor: r-devel-windows-x86_64-gcc10-UCRT

Version: 2.6.5
Check: re-building of vignette outputs
Result: WARN
    Error(s) in re-building vignettes:
     ...
    --- re-building 'mvSLOUCH_Carnivorans.Rmd' using rmarkdown
    Failed with error: 'there is no package called 'rdryad''
    Quitting from lines 43-75 (mvSLOUCH_Carnivorans.Rmd)
    Error: processing vignette 'mvSLOUCH_Carnivorans.Rmd' failed with diagnostics:
    argument is not interpretable as logical
    --- failed re-building 'mvSLOUCH_Carnivorans.Rmd'
    
    SUMMARY: processing the following file failed:
     'mvSLOUCH_Carnivorans.Rmd'
    
    Error: Vignette re-building failed.
    Execution halted
Flavor: r-devel-windows-x86_64-gcc10-UCRT