CRAN Package Check Results for Package mvMonitoring

Last updated on 2021-04-15 09:50:07 CEST.

Flavor Version Tinstall Tcheck Ttotal Status Flags
r-devel-linux-x86_64-debian-clang 0.1.0 7.77 94.83 102.60 OK
r-devel-linux-x86_64-debian-gcc 0.1.0 6.28 71.33 77.61 OK
r-devel-linux-x86_64-fedora-clang 0.1.0 131.52 OK
r-devel-linux-x86_64-fedora-gcc 0.1.0 119.84 OK
r-devel-windows-ix86+x86_64 0.1.0 17.00 4.00 21.00 OK
r-devel-windows-x86_64-gcc10-UCRT 0.1.0 OK
r-patched-linux-x86_64 0.1.0 8.16 90.53 98.69 OK
r-patched-solaris-x86 0.1.0 173.20 OK
r-release-linux-x86_64 0.1.0 8.47 90.43 98.90 OK
r-release-macos-x86_64 0.1.0 OK
r-release-windows-ix86+x86_64 0.1.0 30.00 124.00 154.00 OK
r-oldrel-macos-x86_64 0.1.0 OK
r-oldrel-windows-ix86+x86_64 0.1.0 13.00 85.00 98.00 OK

Check Details

Version: 0.1.0
Check: whether package can be installed
Result: FAIL
Flavor: r-devel-windows-ix86+x86_64