CRAN Package Check Results for Package mvMISE

Last updated on 2021-04-15 09:50:07 CEST.

Flavor Version Tinstall Tcheck Ttotal Status Flags
r-devel-linux-x86_64-debian-clang 1.0 9.11 79.08 88.19 OK
r-devel-linux-x86_64-debian-gcc 1.0 7.86 60.60 68.46 OK
r-devel-linux-x86_64-fedora-clang 1.0 116.77 OK
r-devel-linux-x86_64-fedora-gcc 1.0 103.79 OK
r-devel-windows-ix86+x86_64 1.0 21.00 4.00 25.00 ERROR
r-devel-windows-x86_64-gcc10-UCRT 1.0 OK
r-patched-linux-x86_64 1.0 8.51 72.68 81.19 OK
r-patched-solaris-x86 1.0 153.70 OK
r-release-linux-x86_64 1.0 8.22 72.33 80.55 OK
r-release-macos-x86_64 1.0 OK
r-release-windows-ix86+x86_64 1.0 18.00 98.00 116.00 OK
r-oldrel-macos-x86_64 1.0 OK
r-oldrel-windows-ix86+x86_64 1.0 19.00 64.00 83.00 OK

Check Details

Version: 1.0
Check: whether package can be installed
Result: ERROR
    Installation failed.
    See 'd:/Rcompile/CRANpkg/local/4.1/mvMISE.Rcheck/00install.out'*
Flavor: r-devel-windows-ix86+x86_64