CRAN Package Check Results for Package musicNMR

Last updated on 2021-06-22 09:51:43 CEST.

Flavor Version Tinstall Tcheck Ttotal Status Flags
r-devel-linux-x86_64-debian-clang 0.0.2 3.78 38.32 42.10 NOTE
r-devel-linux-x86_64-debian-gcc 0.0.2 2.76 30.23 32.99 NOTE
r-devel-linux-x86_64-fedora-clang 0.0.2 58.91 NOTE
r-devel-linux-x86_64-fedora-gcc 0.0.2 49.17 NOTE
r-devel-windows-x86_64 0.0.2 5.00 54.00 59.00 NOTE
r-devel-windows-x86_64-gcc10-UCRT 0.0.2 NOTE
r-patched-linux-x86_64 0.0.2 3.73 37.58 41.31 NOTE
r-patched-solaris-x86 0.0.2 74.30 NOTE
r-release-linux-x86_64 0.0.2 3.53 37.43 40.96 NOTE
r-release-macos-arm64 0.0.2 NOTE
r-release-macos-x86_64 0.0.2 NOTE
r-release-windows-ix86+x86_64 0.0.2 7.00 57.00 64.00 NOTE
r-oldrel-macos-x86_64 0.0.2 NOTE

Check Details

Version: 0.0.2
Check: R code for possible problems
Result: NOTE
    plotFID: no visible global function definition for 'points'
    Undefined global functions or variables:
     points
    Consider adding
     importFrom("graphics", "points")
    to your NAMESPACE file.
Flavors: r-devel-linux-x86_64-debian-clang, r-devel-linux-x86_64-debian-gcc, r-devel-linux-x86_64-fedora-clang, r-devel-linux-x86_64-fedora-gcc, r-devel-windows-x86_64, r-devel-windows-x86_64-gcc10-UCRT, r-patched-linux-x86_64, r-patched-solaris-x86, r-release-linux-x86_64, r-release-macos-arm64, r-release-macos-x86_64, r-release-windows-ix86+x86_64, r-oldrel-macos-x86_64

Version: 0.0.2
Check: for non-standard things in the check directory
Result: NOTE
    Found the following files/directories:
     'audio.wav'
Flavors: r-devel-linux-x86_64-debian-clang, r-devel-linux-x86_64-debian-gcc, r-devel-linux-x86_64-fedora-clang, r-devel-linux-x86_64-fedora-gcc, r-patched-linux-x86_64, r-patched-solaris-x86, r-release-linux-x86_64

Version: 0.0.2
Check: Rd cross-references
Result: NOTE
    Undeclared package ‘tuneR’ in Rd xrefs
Flavor: r-devel-linux-x86_64-fedora-clang