CRAN Package Check Results for Package mumm

Last updated on 2021-06-16 09:53:30 CEST.

Flavor Version Tinstall Tcheck Ttotal Status Flags
r-devel-linux-x86_64-debian-clang 0.2.1 108.81 74.90 183.71 NOTE
r-devel-linux-x86_64-debian-gcc 0.2.1 87.37 58.05 145.42 NOTE
r-devel-linux-x86_64-fedora-clang 0.2.1 252.68 NOTE
r-devel-linux-x86_64-fedora-gcc 0.2.1 246.57 NOTE
r-devel-windows-x86_64 0.2.1 101.00 100.00 201.00 NOTE
r-devel-windows-x86_64-gcc10-UCRT 0.2.1 NOTE
r-patched-linux-x86_64 0.2.1 98.56 72.42 170.98 NOTE
r-patched-solaris-x86 0.2.1 222.70 NOTE
r-release-linux-x86_64 0.2.1 97.87 71.73 169.60 NOTE
r-release-macos-arm64 0.2.1 NOTE
r-release-macos-x86_64 0.2.1 NOTE
r-release-windows-ix86+x86_64 0.2.1 198.00 140.00 338.00 NOTE
r-oldrel-macos-x86_64 0.2.1 NOTE
r-oldrel-windows-ix86+x86_64 0.2.1 173.00 143.00 316.00 NOTE

Check Details

Version: 0.2.1
Check: LazyData
Result: NOTE
     'LazyData' is specified without a 'data' directory
Flavors: r-devel-linux-x86_64-debian-clang, r-devel-linux-x86_64-debian-gcc, r-devel-linux-x86_64-fedora-clang, r-devel-linux-x86_64-fedora-gcc, r-devel-windows-x86_64, r-devel-windows-x86_64-gcc10-UCRT, r-patched-linux-x86_64, r-patched-solaris-x86, r-release-linux-x86_64, r-release-macos-arm64, r-release-macos-x86_64, r-release-windows-ix86+x86_64

Version: 0.2.1
Check: installed package size
Result: NOTE
     installed size is 26.7Mb
     sub-directories of 1Mb or more:
     libs 26.6Mb
Flavors: r-devel-linux-x86_64-fedora-clang, r-devel-windows-x86_64, r-release-macos-arm64, r-release-macos-x86_64, r-release-windows-ix86+x86_64, r-oldrel-macos-x86_64, r-oldrel-windows-ix86+x86_64