CRAN Package Check Results for Package multiselect

Last updated on 2021-04-15 09:50:07 CEST.

Flavor Version Tinstall Tcheck Ttotal Status Flags
r-devel-linux-x86_64-debian-clang 0.1.0 2.29 27.88 30.17 NOTE
r-devel-linux-x86_64-debian-gcc 0.1.0 1.83 21.43 23.26 NOTE
r-devel-linux-x86_64-fedora-clang 0.1.0 45.70 NOTE
r-devel-linux-x86_64-fedora-gcc 0.1.0 35.58 NOTE
r-devel-windows-x86_64-gcc10-UCRT 0.1.0 NOTE
r-patched-linux-x86_64 0.1.0 2.16 26.22 28.38 OK
r-patched-solaris-x86 0.1.0 54.90 OK
r-release-linux-x86_64 0.1.0 2.26 26.32 28.58 OK
r-release-macos-x86_64 0.1.0 OK
r-release-windows-ix86+x86_64 0.1.0 6.00 45.00 51.00 OK
r-oldrel-macos-x86_64 0.1.0 OK
r-oldrel-windows-ix86+x86_64 0.1.0 3.00 29.00 32.00 OK

Check Details

Version: 0.1.0
Check: LazyData
Result: NOTE
     'LazyData' is specified without a 'data' directory
Flavors: r-devel-linux-x86_64-debian-clang, r-devel-linux-x86_64-debian-gcc, r-devel-linux-x86_64-fedora-clang, r-devel-linux-x86_64-fedora-gcc, r-devel-windows-x86_64-gcc10-UCRT