CRAN Package Check Results for Package multibridge

Last updated on 2021-06-24 09:52:37 CEST.

Flavor Version Tinstall Tcheck Ttotal Status Flags
r-devel-linux-x86_64-debian-clang 1.1.0 23.01 319.90 342.91 NOTE
r-devel-linux-x86_64-debian-gcc 1.1.0 13.95 219.91 233.86 NOTE
r-devel-linux-x86_64-fedora-clang 1.1.0 444.53 NOTE
r-devel-linux-x86_64-fedora-gcc 1.1.0 421.18 NOTE
r-devel-windows-x86_64 1.1.0 27.00 395.00 422.00 NOTE
r-devel-windows-x86_64-gcc10-UCRT 1.1.0 NOTE
r-patched-linux-x86_64 1.1.0 17.20 311.43 328.63 NOTE
r-patched-solaris-x86 1.1.0 507.90 NOTE
r-release-linux-x86_64 1.1.0 17.26 319.43 336.69 NOTE
r-release-macos-arm64 1.1.0 NOTE
r-release-macos-x86_64 1.1.0 NOTE
r-release-windows-ix86+x86_64 1.1.0 37.00 495.00 532.00 NOTE
r-oldrel-macos-x86_64 1.1.0 NOTE

Check Details

Version: 1.1.0
Check: for GNU extensions in Makefiles
Result: NOTE
    GNU make is a SystemRequirements.
Flavors: r-devel-linux-x86_64-debian-clang, r-devel-linux-x86_64-debian-gcc, r-devel-linux-x86_64-fedora-clang, r-devel-linux-x86_64-fedora-gcc, r-devel-windows-x86_64, r-devel-windows-x86_64-gcc10-UCRT, r-patched-linux-x86_64, r-patched-solaris-x86, r-release-linux-x86_64, r-release-macos-arm64, r-release-macos-x86_64, r-release-windows-ix86+x86_64, r-oldrel-macos-x86_64

Version: 1.1.0
Check: dependencies in R code
Result: NOTE
    Namespace in Imports field not imported from: ‘Rdpack’
     All declared Imports should be used.
Flavors: r-devel-linux-x86_64-fedora-clang, r-devel-linux-x86_64-fedora-gcc, r-devel-windows-x86_64-gcc10-UCRT, r-patched-solaris-x86, r-release-macos-arm64, r-release-macos-x86_64, r-oldrel-macos-x86_64