CRAN Package Check Results for Package muHVT

Last updated on 2021-04-15 09:50:07 CEST.

Flavor Version Tinstall Tcheck Ttotal Status Flags
r-devel-linux-x86_64-debian-clang 1.0.2 7.91 186.09 194.00 NOTE
r-devel-linux-x86_64-debian-gcc 1.0.2 6.38 131.43 137.81 NOTE
r-devel-linux-x86_64-fedora-clang 1.0.2 224.66 NOTE
r-devel-linux-x86_64-fedora-gcc 1.0.2 225.58 NOTE
r-devel-windows-ix86+x86_64 1.0.2 17.00 4.00 21.00 ERROR
r-devel-windows-x86_64-gcc10-UCRT 1.0.2 NOTE
r-patched-linux-x86_64 1.0.2 7.21 175.34 182.55 OK
r-patched-solaris-x86 1.0.2 273.10 NOTE
r-release-linux-x86_64 1.0.2 7.89 173.96 181.85 OK
r-release-macos-x86_64 1.0.2 NOTE
r-release-windows-ix86+x86_64 1.0.2 18.00 215.00 233.00 OK
r-oldrel-macos-x86_64 1.0.2 NOTE
r-oldrel-windows-ix86+x86_64 1.0.2 11.00 164.00 175.00 OK

Check Details

Version: 1.0.2
Check: LazyData
Result: NOTE
     'LazyData' is specified without a 'data' directory
Flavors: r-devel-linux-x86_64-debian-clang, r-devel-linux-x86_64-debian-gcc, r-devel-linux-x86_64-fedora-clang, r-devel-linux-x86_64-fedora-gcc, r-devel-windows-x86_64-gcc10-UCRT

Version: 1.0.2
Check: dependencies in R code
Result: NOTE
    Namespace in Imports field not imported from: ‘gtools’
     All declared Imports should be used.
Flavors: r-devel-linux-x86_64-fedora-clang, r-devel-linux-x86_64-fedora-gcc, r-devel-windows-x86_64-gcc10-UCRT, r-patched-solaris-x86, r-release-macos-x86_64, r-oldrel-macos-x86_64

Version: 1.0.2
Check: whether package can be installed
Result: ERROR
    Installation failed.
    *
Flavor: r-devel-windows-ix86+x86_64