CRAN Package Check Results for Package mssm

Last updated on 2020-02-28 22:53:39 CET.

Flavor Version Tinstall Tcheck Ttotal Status Flags
r-devel-linux-x86_64-debian-clang 0.1.3 359.31 60.52 419.83 OK
r-devel-linux-x86_64-debian-gcc 0.1.3 260.87 46.83 307.70 OK
r-devel-linux-x86_64-fedora-clang 0.1.3 586.69 NOTE
r-devel-linux-x86_64-fedora-gcc 0.1.3 580.43 OK
r-devel-windows-ix86+x86_64 0.1.3 905.00 190.00 1095.00 NOTE
r-devel-windows-ix86+x86_64-gcc8 0.1.3 720.00 187.00 907.00 NOTE
r-patched-linux-x86_64 0.1.3 300.21 57.27 357.48 OK
r-patched-solaris-x86 0.1.3 451.20 OK
r-release-linux-x86_64 0.1.3 300.90 56.80 357.70 OK
r-release-windows-ix86+x86_64 0.1.3 703.00 231.00 934.00 NOTE
r-release-osx-x86_64 0.1.3 NOTE
r-oldrel-windows-ix86+x86_64 0.1.3 645.00 186.00 831.00 NOTE
r-oldrel-osx-x86_64 0.1.3 NOTE

Check Details

Version: 0.1.3
Check: installed package size
Result: NOTE
     installed size is 18.2Mb
     sub-directories of 1Mb or more:
     help 1.0Mb
     libs 17.1Mb
Flavors: r-devel-linux-x86_64-fedora-clang, r-devel-windows-ix86+x86_64, r-devel-windows-ix86+x86_64-gcc8, r-release-windows-ix86+x86_64, r-release-osx-x86_64, r-oldrel-windows-ix86+x86_64, r-oldrel-osx-x86_64