CRAN Package Check Results for Package msir

Last updated on 2021-06-16 09:53:29 CEST.

Flavor Version Tinstall Tcheck Ttotal Status Flags
r-devel-linux-x86_64-debian-clang 1.3.3 3.30 45.33 48.63 NOTE
r-devel-linux-x86_64-debian-gcc 1.3.3 2.71 34.90 37.61 NOTE
r-devel-linux-x86_64-fedora-clang 1.3.3 68.73 NOTE
r-devel-linux-x86_64-fedora-gcc 1.3.3 57.26 NOTE
r-devel-windows-x86_64 1.3.3 6.00 63.00 69.00 NOTE
r-devel-windows-x86_64-gcc10-UCRT 1.3.3 NOTE
r-patched-linux-x86_64 1.3.3 4.12 43.08 47.20 NOTE
r-patched-solaris-x86 1.3.3 80.90 WARN
r-release-linux-x86_64 1.3.3 2.93 43.50 46.43 NOTE
r-release-macos-arm64 1.3.3 WARN
r-release-macos-x86_64 1.3.3 WARN
r-release-windows-ix86+x86_64 1.3.3 7.00 62.00 69.00 NOTE
r-oldrel-macos-x86_64 1.3.3 WARN
r-oldrel-windows-ix86+x86_64 1.3.3 5.00 68.00 73.00 OK

Check Details

Version: 1.3.3
Check: LazyData
Result: NOTE
     'LazyData' is specified without a 'data' directory
Flavors: r-devel-linux-x86_64-debian-clang, r-devel-linux-x86_64-debian-gcc, r-devel-linux-x86_64-fedora-clang, r-devel-linux-x86_64-fedora-gcc, r-devel-windows-x86_64, r-devel-windows-x86_64-gcc10-UCRT, r-patched-linux-x86_64, r-patched-solaris-x86, r-release-linux-x86_64, r-release-macos-arm64, r-release-macos-x86_64, r-release-windows-ix86+x86_64

Version: 1.3.3
Check: re-building of vignette outputs
Result: WARN
    Error(s) in re-building vignettes:
     ...
    --- re-building ‘msir.Rmd’ using rmarkdown
    Warning in engine$weave(file, quiet = quiet, encoding = enc) :
     Pandoc (>= 1.12.3) not available. Falling back to R Markdown v1.
    Quitting from lines 101-103 (msir.Rmd)
    Error: processing vignette 'msir.Rmd' failed with diagnostics:
    invalid 'path' argument
    --- failed re-building ‘msir.Rmd’
    
    SUMMARY: processing the following file failed:
     ‘msir.Rmd’
    
    Error: Vignette re-building failed.
    Execution halted
Flavors: r-patched-solaris-x86, r-release-macos-arm64, r-release-macos-x86_64

Version: 1.3.3
Check: re-building of vignette outputs
Result: WARN
    Error(s) in re-building vignettes:
     ...
    --- re-building ‘msir.Rmd’ using rmarkdown
    Warning in engine$weave(file, quiet = quiet, encoding = enc) :
     Pandoc (>= 1.12.3) and/or pandoc-citeproc not available. Falling back to R Markdown v1.
    Warning in normalizePath(f2) :
     path[1]="webshot133ae6439653f.png": No such file or directory
    Warning in file(con, "rb") :
     cannot open file 'webshot133ae6439653f.png': No such file or directory
    Quitting from lines 101-103 (msir.Rmd)
    Error: processing vignette 'msir.Rmd' failed with diagnostics:
    cannot open the connection
    --- failed re-building ‘msir.Rmd’
    
    SUMMARY: processing the following file failed:
     ‘msir.Rmd’
    
    Error: Vignette re-building failed.
    Execution halted
Flavor: r-oldrel-macos-x86_64