CRAN Package Check Results for Package msgl

Last updated on 2021-04-15 09:50:07 CEST.

Flavor Version Tinstall Tcheck Ttotal Status Flags
r-devel-linux-x86_64-debian-clang 2.3.9 39.83 99.06 138.89 OK
r-devel-linux-x86_64-debian-gcc 2.3.9 27.10 75.54 102.64 OK
r-devel-linux-x86_64-fedora-clang 2.3.9 181.64 OK
r-devel-linux-x86_64-fedora-gcc 2.3.9 165.43 OK
r-devel-windows-ix86+x86_64 2.3.9 87.00 5.00 92.00 ERROR
r-devel-windows-x86_64-gcc10-UCRT 2.3.9 OK
r-patched-linux-x86_64 2.3.9 34.04 92.83 126.87 OK
r-patched-solaris-x86 2.3.9 295.60 OK
r-release-linux-x86_64 2.3.9 33.56 93.37 126.93 OK
r-release-macos-x86_64 2.3.9 NOTE
r-release-windows-ix86+x86_64 2.3.9 85.00 223.00 308.00 OK
r-oldrel-macos-x86_64 2.3.9 NOTE
r-oldrel-windows-ix86+x86_64 2.3.9 79.00 168.00 247.00 OK

Check Details

Version: 2.3.9
Check: whether package can be installed
Result: ERROR
    Installation failed.
    See *
Flavor: r-devel-windows-ix86+x86_64

Version: 2.3.9
Check: installed package size
Result: NOTE
     installed size is 5.2Mb
     sub-directories of 1Mb or more:
     libs 4.2Mb
Flavors: r-release-macos-x86_64, r-oldrel-macos-x86_64