CRAN Package Check Results for Package mro

Last updated on 2021-04-15 09:50:07 CEST.

Flavor Version Tinstall Tcheck Ttotal Status Flags
r-devel-linux-x86_64-debian-clang 0.1.1 1.82 21.35 23.17 NOTE
r-devel-linux-x86_64-debian-gcc 0.1.1 1.39 17.03 18.42 NOTE
r-devel-linux-x86_64-fedora-clang 0.1.1 39.47 NOTE
r-devel-linux-x86_64-fedora-gcc 0.1.1 27.74 NOTE
r-devel-windows-ix86+x86_64 0.1.1 5.00 6.00 11.00 ERROR
r-devel-windows-x86_64-gcc10-UCRT 0.1.1 NOTE
r-patched-linux-x86_64 0.1.1 1.82 20.38 22.20 OK
r-patched-solaris-x86 0.1.1 44.70 OK
r-release-linux-x86_64 0.1.1 1.67 20.44 22.11 OK
r-release-macos-x86_64 0.1.1 OK
r-release-windows-ix86+x86_64 0.1.1 4.00 40.00 44.00 OK
r-oldrel-macos-x86_64 0.1.1 OK
r-oldrel-windows-ix86+x86_64 0.1.1 3.00 26.00 29.00 OK

Check Details

Version: 0.1.1
Check: LazyData
Result: NOTE
     'LazyData' is specified without a 'data' directory
Flavors: r-devel-linux-x86_64-debian-clang, r-devel-linux-x86_64-debian-gcc, r-devel-linux-x86_64-fedora-clang, r-devel-linux-x86_64-fedora-gcc, r-devel-windows-x86_64-gcc10-UCRT

Version: 0.1.1
Check: whether package can be installed
Result: ERROR
    Installation failed.
    See *
Flavor: r-devel-windows-ix86+x86_64