CRAN Package Check Results for Package mrgsolve

Last updated on 2020-02-21 17:47:52 CET.

Flavor Version Tinstall Tcheck Ttotal Status Flags
r-devel-linux-x86_64-debian-clang 0.10.0 121.73 108.86 230.59 OK
r-devel-linux-x86_64-debian-gcc 0.10.0 85.62 80.37 165.99 OK
r-devel-linux-x86_64-fedora-clang 0.10.1 176.70 NOTE
r-devel-linux-x86_64-fedora-gcc 0.10.1 293.92 OK
r-devel-windows-ix86+x86_64 0.10.0 269.00 173.00 442.00 OK
r-devel-windows-ix86+x86_64-gcc8 0.10.0 388.00 231.00 619.00 OK
r-patched-linux-x86_64 0.10.0 105.73 94.08 199.81 OK
r-patched-solaris-x86 0.10.1 270.30 OK
r-release-linux-x86_64 0.10.0 108.92 93.11 202.03 OK
r-release-windows-ix86+x86_64 0.10.0 273.00 169.00 442.00 OK
r-release-osx-x86_64 0.10.0 NOTE
r-oldrel-windows-ix86+x86_64 0.10.0 291.00 148.00 439.00 OK
r-oldrel-osx-x86_64 0.10.0 NOTE

Check Details

Version: 0.10.1
Check: installed package size
Result: NOTE
     installed size is 6.7Mb
     sub-directories of 1Mb or more:
     libs 5.0Mb
Flavor: r-devel-linux-x86_64-fedora-clang

Version: 0.10.0
Check: installed package size
Result: NOTE
     installed size is 6.0Mb
     sub-directories of 1Mb or more:
     libs 4.4Mb
Flavors: r-release-osx-x86_64, r-oldrel-osx-x86_64