CRAN Package Check Results for Package mrf2d

Last updated on 2021-06-20 09:49:57 CEST.

Flavor Version Tinstall Tcheck Ttotal Status Flags
r-devel-linux-x86_64-debian-clang 0.5 79.24 131.91 211.15 OK
r-devel-linux-x86_64-debian-gcc 0.5 53.11 99.89 153.00 OK
r-devel-linux-x86_64-fedora-clang 0.5 273.13 OK
r-devel-linux-x86_64-fedora-gcc 0.5 251.63 OK
r-devel-windows-x86_64 0.5 99.00 161.00 260.00 OK
r-devel-windows-x86_64-gcc10-UCRT 0.5 NOTE
r-patched-linux-x86_64 0.5 66.97 120.11 187.08 OK
r-patched-solaris-x86 0.5 290.50 OK
r-release-linux-x86_64 0.5 53.86 118.83 172.69 OK
r-release-macos-arm64 0.5 OK
r-release-macos-x86_64 0.5 OK
r-release-windows-ix86+x86_64 0.5 182.00 229.00 411.00 OK
r-oldrel-macos-x86_64 0.5 OK
r-oldrel-windows-ix86+x86_64 0.5 140.00 237.00 377.00 OK

Check Details

Version: 0.5
Check: package dependencies
Result: NOTE
    Package suggested but not available for checking: 'covr'
Flavor: r-devel-windows-x86_64-gcc10-UCRT