CRAN Package Check Results for Package mosum

Last updated on 2021-06-20 09:49:56 CEST.

Flavor Version Tinstall Tcheck Ttotal Status Flags
r-devel-linux-x86_64-debian-clang 1.2.5 40.16 42.05 82.21 NOTE
r-devel-linux-x86_64-debian-gcc 1.2.5 25.34 33.72 59.06 NOTE
r-devel-linux-x86_64-fedora-clang 1.2.5 124.50 NOTE
r-devel-linux-x86_64-fedora-gcc 1.2.5 103.86 NOTE
r-devel-windows-x86_64 1.2.5 50.00 61.00 111.00 NOTE
r-devel-windows-x86_64-gcc10-UCRT 1.2.5 NOTE
r-patched-linux-x86_64 1.2.5 31.11 42.59 73.70 NOTE
r-patched-solaris-x86 1.2.5 122.20 NOTE
r-release-linux-x86_64 1.2.5 29.86 42.47 72.33 NOTE
r-release-macos-arm64 1.2.5 NOTE
r-release-macos-x86_64 1.2.5 NOTE
r-release-windows-ix86+x86_64 1.2.5 90.00 64.00 154.00 NOTE
r-oldrel-macos-x86_64 1.2.5 OK
r-oldrel-windows-ix86+x86_64 1.2.5 62.00 84.00 146.00 OK

Check Details

Version: 1.2.5
Check: LazyData
Result: NOTE
     'LazyData' is specified without a 'data' directory
Flavors: r-devel-linux-x86_64-debian-clang, r-devel-linux-x86_64-debian-gcc, r-devel-linux-x86_64-fedora-clang, r-devel-linux-x86_64-fedora-gcc, r-devel-windows-x86_64, r-devel-windows-x86_64-gcc10-UCRT, r-patched-linux-x86_64, r-patched-solaris-x86, r-release-linux-x86_64, r-release-macos-arm64, r-release-macos-x86_64, r-release-windows-ix86+x86_64