CRAN Package Check Results for Package morse

Last updated on 2020-05-29 17:49:11 CEST.

Flavor Version Tinstall Tcheck Ttotal Status Flags
r-devel-linux-x86_64-debian-clang 3.2.5 12.66 258.37 271.03 OK --no-vignettes
r-devel-linux-x86_64-debian-gcc 3.2.5 11.09 194.97 206.06 OK --no-vignettes
r-devel-linux-x86_64-fedora-clang 3.2.5 334.23 OK --no-vignettes
r-devel-linux-x86_64-fedora-gcc 3.2.5 364.47 OK --no-vignettes
r-devel-windows-ix86+x86_64 3.2.5 29.00 338.00 367.00 OK --no-vignettes
r-patched-linux-x86_64 3.2.5 12.96 266.28 279.24 OK --no-vignettes
r-patched-solaris-x86 3.2.5 749.60 OK --no-vignettes
r-release-linux-x86_64 3.2.5 13.44 271.76 285.20 OK --no-vignettes
r-release-osx-x86_64 3.2.5 FAIL
r-release-windows-ix86+x86_64 3.2.5 24.00 398.00 422.00 OK --no-vignettes
r-oldrel-osx-x86_64 3.2.5 WARN
r-oldrel-windows-ix86+x86_64 3.2.5 22.00 258.00 280.00 OK --no-vignettes

Check Details

Version: 3.2.5
Check: re-building of vignette outputs
Result: FAIL
Flavor: r-release-osx-x86_64

Version: 3.2.5
Check: re-building of vignette outputs
Result: WARN
    Error(s) in re-building vignettes:
    --- re-building ‘tutorial.Rmd’ using rmarkdown
    Warning in engine$weave(file, quiet = quiet, encoding = enc) :
     Pandoc (>= 1.12.3) and/or pandoc-citeproc not available. Falling back to R Markdown v1.
    
    Attaching package: 'dplyr'
    
    The following objects are masked from 'package:stats':
    
     filter, lag
    
    The following objects are masked from 'package:base':
    
     intersect, setdiff, setequal, union
    
    Quitting from lines 342-344 (tutorial.Rmd)
    Error: processing vignette 'tutorial.Rmd' failed with diagnostics:
    The model needs too many iterations to provide reliable parameter estimates !
    --- failed re-building ‘tutorial.Rmd’
    
    --- re-building ‘modelling.Snw’ using Sweave
    --- finished re-building ‘modelling.Snw’
    
    SUMMARY: processing the following file failed:
     ‘tutorial.Rmd’
    
    Error: Vignette re-building failed.
    Execution halted
Flavor: r-oldrel-osx-x86_64