CRAN Package Check Results for Package monomvn

Last updated on 2021-04-15 09:50:07 CEST.

Flavor Version Tinstall Tcheck Ttotal Status Flags
r-devel-linux-x86_64-debian-clang 1.9-13 14.36 55.54 69.90 OK
r-devel-linux-x86_64-debian-gcc 1.9-13 9.38 42.52 51.90 OK
r-devel-linux-x86_64-fedora-clang 1.9-13 101.46 OK
r-devel-linux-x86_64-fedora-gcc 1.9-13 84.18 OK
r-devel-windows-ix86+x86_64 1.9-13 36.00 4.00 40.00 ERROR
r-devel-windows-x86_64-gcc10-UCRT 1.9-13 OK
r-patched-linux-x86_64 1.9-13 11.40 53.36 64.76 OK
r-patched-solaris-x86 1.9-13 118.90 OK
r-release-linux-x86_64 1.9-13 11.08 53.18 64.26 OK
r-release-macos-x86_64 1.9-13 OK
r-release-windows-ix86+x86_64 1.9-13 33.00 103.00 136.00 OK
r-oldrel-macos-x86_64 1.9-13 OK
r-oldrel-windows-ix86+x86_64 1.9-13 32.00 74.00 106.00 OK

Check Details

Version: 1.9-13
Check: whether package can be installed
Result: ERROR
    Installation failed.
Flavor: r-devel-windows-ix86+x86_64