CRAN Package Check Results for Package molic

Last updated on 2021-06-22 09:51:43 CEST.

Flavor Version Tinstall Tcheck Ttotal Status Flags
r-devel-linux-x86_64-debian-clang 2.0.3 45.66 144.79 190.45 OK
r-devel-linux-x86_64-debian-gcc 2.0.3 33.91 104.79 138.70 OK
r-devel-linux-x86_64-fedora-clang 2.0.3 236.85 NOTE
r-devel-linux-x86_64-fedora-gcc 2.0.3 233.32 OK
r-devel-windows-x86_64 2.0.3 52.00 154.00 206.00 OK
r-devel-windows-x86_64-gcc10-UCRT 2.0.3 OK
r-patched-linux-x86_64 2.0.3 36.46 140.35 176.81 OK
r-patched-solaris-x86 2.0.3 271.90 OK
r-release-linux-x86_64 2.0.3 30.83 138.08 168.91 OK
r-release-macos-arm64 2.0.3 NOTE
r-release-macos-x86_64 2.0.3 NOTE
r-release-windows-ix86+x86_64 2.0.3 70.00 240.00 310.00 NOTE
r-oldrel-macos-x86_64 2.0.3 NOTE

Check Details

Version: 2.0.3
Check: installed package size
Result: NOTE
     installed size is 5.2Mb
     sub-directories of 1Mb or more:
     extdata 1.6Mb
     libs 2.4Mb
Flavors: r-devel-linux-x86_64-fedora-clang, r-release-macos-arm64, r-release-macos-x86_64, r-release-windows-ix86+x86_64, r-oldrel-macos-x86_64