CRAN Package Check Results for Package mokken

Last updated on 2021-04-15 09:50:07 CEST.

Flavor Version Tinstall Tcheck Ttotal Status Flags
r-devel-linux-x86_64-debian-clang 3.0.6 31.73 104.04 135.77 OK
r-devel-linux-x86_64-debian-gcc 3.0.6 19.62 77.58 97.20 OK
r-devel-linux-x86_64-fedora-clang 3.0.6 179.51 OK
r-devel-linux-x86_64-fedora-gcc 3.0.6 161.55 OK
r-devel-windows-ix86+x86_64 3.0.6 63.00 4.00 67.00 ERROR
r-devel-windows-x86_64-gcc10-UCRT 3.0.6 OK
r-patched-linux-x86_64 3.0.6 23.52 95.68 119.20 OK
r-patched-solaris-x86 3.0.6 194.30 OK
r-release-linux-x86_64 3.0.6 24.24 95.87 120.11 OK
r-release-macos-x86_64 3.0.6 OK
r-release-windows-ix86+x86_64 3.0.6 51.00 182.00 233.00 OK
r-oldrel-macos-x86_64 3.0.6 OK
r-oldrel-windows-ix86+x86_64 3.0.6 57.00 128.00 185.00 OK

Check Details

Version: 3.0.6
Check: whether package can be installed
Result: ERROR
    Installation failed.
    See 'd:/Rcompile/CRANpkg/local/4.1/mokken.Rcheck/00install.out'
Flavor: r-devel-windows-ix86+x86_64