CRAN Package Check Results for Package modi

Last updated on 2021-04-15 09:50:07 CEST.

Flavor Version Tinstall Tcheck Ttotal Status Flags
r-devel-linux-x86_64-debian-clang 0.1.0 4.44 54.25 58.69 OK
r-devel-linux-x86_64-debian-gcc 0.1.0 3.49 40.82 44.31 OK
r-devel-linux-x86_64-fedora-clang 0.1.0 84.46 OK
r-devel-linux-x86_64-fedora-gcc 0.1.0 71.30 OK
r-devel-windows-ix86+x86_64 0.1.0 9.00 5.00 14.00 ERROR
r-devel-windows-x86_64-gcc10-UCRT 0.1.0 OK
r-patched-linux-x86_64 0.1.0 3.67 51.46 55.13 OK
r-patched-solaris-x86 0.1.0 102.20 OK
r-release-linux-x86_64 0.1.0 4.01 53.02 57.03 OK
r-release-macos-x86_64 0.1.0 OK
r-release-windows-ix86+x86_64 0.1.0 8.00 74.00 82.00 OK
r-oldrel-macos-x86_64 0.1.0 OK
r-oldrel-windows-ix86+x86_64 0.1.0 8.00 53.00 61.00 OK

Check Details

Version: 0.1.0
Check: whether package can be installed
Result: ERROR
    Installation failed.
    See *
Flavor: r-devel-windows-ix86+x86_64