CRAN Package Check Results for Package modelbased

Last updated on 2021-04-15 09:50:06 CEST.

Flavor Version Tinstall Tcheck Ttotal Status Flags
r-devel-linux-x86_64-debian-clang 0.5.1 6.15 347.50 353.65 NOTE
r-devel-linux-x86_64-debian-gcc 0.6.0 3.87 236.42 240.29 OK
r-devel-linux-x86_64-fedora-clang 0.6.0 449.75 OK
r-devel-linux-x86_64-fedora-gcc 0.6.0 325.49 OK
r-devel-windows-ix86+x86_64 0.5.1 21.00 4.00 25.00 ERROR
r-devel-windows-x86_64-gcc10-UCRT 0.6.0 NOTE
r-patched-linux-x86_64 0.6.0 6.17 322.68 328.85 OK
r-patched-solaris-x86 0.6.0 562.80 OK
r-release-linux-x86_64 0.6.0 5.45 263.16 268.61 OK
r-release-macos-x86_64 0.6.0 OK
r-release-windows-ix86+x86_64 0.6.0 21.00 314.00 335.00 OK
r-oldrel-macos-x86_64 0.6.0 ERROR
r-oldrel-windows-ix86+x86_64 0.6.0 19.00 273.00 292.00 OK

Check Details

Version: 0.5.1
Check: LazyData
Result: NOTE
     'LazyData' is specified without a 'data' directory
Flavor: r-devel-linux-x86_64-debian-clang

Version: 0.5.1
Check: whether package can be installed
Result: ERROR
    
    *
Flavor: r-devel-windows-ix86+x86_64

Version: 0.6.0
Check: package dependencies
Result: NOTE
    Package suggested but not available for checking: 'rstanarm'
Flavor: r-devel-windows-x86_64-gcc10-UCRT

Version: 0.6.0
Check: package dependencies
Result: ERROR
    Package required and available but unsuitable version: ‘bayestestR’
    
    See section ‘The DESCRIPTION file’ in the ‘Writing R Extensions’
    manual.
Flavor: r-oldrel-macos-x86_64