CRAN Package Check Results for Package mnlogit

Last updated on 2020-02-24 20:47:24 CET.

Flavor Version Tinstall Tcheck Ttotal Status Flags
r-devel-linux-x86_64-debian-clang 1.2.6 5.08 603.26 608.34 OK
r-devel-linux-x86_64-debian-gcc 1.2.6 4.31 465.17 469.48 OK
r-devel-linux-x86_64-fedora-clang 1.2.6 750.27 WARN
r-devel-linux-x86_64-fedora-gcc 1.2.6 743.01 OK
r-devel-windows-ix86+x86_64 1.2.6 10.00 87.00 97.00 OK --no-vignettes
r-devel-windows-ix86+x86_64-gcc8 1.2.6 20.00 56.00 76.00 OK --no-vignettes
r-patched-linux-x86_64 1.2.6 4.78 587.32 592.10 OK
r-patched-solaris-x86 1.2.6 1978.60 WARN
r-release-linux-x86_64 1.2.6 4.08 612.80 616.88 OK
r-release-windows-ix86+x86_64 1.2.6 10.00 52.00 62.00 OK --no-vignettes
r-release-osx-x86_64 1.2.6 NOTE
r-oldrel-windows-ix86+x86_64 1.2.6 9.00 55.00 64.00 OK --no-vignettes
r-oldrel-osx-x86_64 1.2.6 FAIL

Check Details

Version: 1.2.6
Check: package dependencies
Result: WARN
    Requires orphaned package: ‘mlogit’
Flavor: r-devel-linux-x86_64-fedora-clang

Version: 1.2.6
Check: re-building of vignette outputs
Result: WARN
    Error(s) in re-building vignettes:
     ...
    --- re-building ‘mnlogit.Rnw’ using Sweave
    Package: mnlogit
    Version: 1.2.6
    Multinomial Logit Choice Models.
    Scientific Computing Group, Sentrana Inc.
    Loading required package: Formula
    Loading required package: zoo
    
    Attaching package: 'zoo'
    
    The following object is masked from 'package:mnlogit':
    
     index
    
    The following objects are masked from 'package:base':
    
     as.Date, as.Date.numeric
    
    Loading required package: lmtest
    
    Attaching package: 'mlogit'
    
    The following objects are masked from 'package:mnlogit':
    
     hmftest, scoretest
Flavor: r-patched-solaris-x86

Version: 1.2.6
Check: re-building of vignette outputs
Result: NOTE
    Error(s) in re-building vignettes:
    --- re-building ‘mnlogit.Rnw’ using Sweave
    Package: mnlogit
    Version: 1.2.6
    Multinomial Logit Choice Models.
    Scientific Computing Group, Sentrana Inc.
    Loading required package: Formula
    Loading required package: zoo
    
    Attaching package: 'zoo'
    
    The following object is masked from 'package:mnlogit':
    
     index
    
    The following objects are masked from 'package:base':
    
     as.Date, as.Date.numeric
    
    Loading required package: lmtest
    
    Attaching package: 'mlogit'
    
    The following objects are masked from 'package:mnlogit':
    
     hmftest, scoretest
Flavor: r-release-osx-x86_64

Version: 1.2.6
Check: re-building of vignette outputs
Result: FAIL
Flavor: r-oldrel-osx-x86_64