CRAN Package Check Results for Package mmpca

Last updated on 2021-06-22 09:51:43 CEST.

Flavor Version Tinstall Tcheck Ttotal Status Flags
r-devel-linux-x86_64-debian-clang 2.0.1 31.56 34.75 66.31 NOTE
r-devel-linux-x86_64-debian-gcc 2.0.1 24.30 27.39 51.69 NOTE
r-devel-linux-x86_64-fedora-clang 2.0.1 97.74 NOTE
r-devel-linux-x86_64-fedora-gcc 2.0.1 87.07 NOTE
r-devel-windows-x86_64 2.0.1 34.00 46.00 80.00 NOTE
r-devel-windows-x86_64-gcc10-UCRT 2.0.1 NOTE
r-patched-linux-x86_64 2.0.1 28.70 34.37 63.07 NOTE
r-patched-solaris-x86 2.0.1 152.30 NOTE
r-release-linux-x86_64 2.0.1 29.34 35.59 64.93 NOTE
r-release-macos-arm64 2.0.1 NOTE
r-release-macos-x86_64 2.0.1 NOTE
r-release-windows-ix86+x86_64 2.0.1 65.00 81.00 146.00 NOTE
r-oldrel-macos-x86_64 2.0.1 NOTE

Check Details

Version: 2.0.1
Check: LazyData
Result: NOTE
     'LazyData' is specified without a 'data' directory
Flavors: r-devel-linux-x86_64-debian-clang, r-devel-linux-x86_64-debian-gcc, r-devel-linux-x86_64-fedora-clang, r-devel-linux-x86_64-fedora-gcc, r-devel-windows-x86_64, r-devel-windows-x86_64-gcc10-UCRT, r-patched-linux-x86_64, r-patched-solaris-x86, r-release-linux-x86_64, r-release-macos-arm64, r-release-macos-x86_64, r-release-windows-ix86+x86_64

Version: 2.0.1
Check: installed package size
Result: NOTE
     installed size is 14.8Mb
     sub-directories of 1Mb or more:
     libs 14.6Mb
Flavors: r-devel-linux-x86_64-fedora-clang, r-release-macos-arm64, r-release-macos-x86_64, r-oldrel-macos-x86_64