CRAN Package Check Results for Package mmetrics

Last updated on 2020-03-30 20:48:33 CEST.

Flavor Version Tinstall Tcheck Ttotal Status Flags
r-devel-linux-x86_64-debian-clang 0.3.0 2.36 27.82 30.18 OK
r-devel-linux-x86_64-debian-gcc 0.3.0 1.83 22.61 24.44 OK
r-devel-linux-x86_64-fedora-clang 0.3.0 37.37 NOTE
r-devel-linux-x86_64-fedora-gcc 0.3.0 36.73 NOTE
r-devel-windows-ix86+x86_64 0.3.0 8.00 37.00 45.00 OK
r-devel-windows-ix86+x86_64-gcc8 0.3.0 6.00 43.00 49.00 OK
r-patched-linux-x86_64 0.3.0 2.04 27.10 29.14 OK
r-patched-solaris-x86 0.3.0 62.30 NOTE
r-release-linux-x86_64 0.3.0 1.70 25.92 27.62 OK
r-release-windows-ix86+x86_64 0.3.0 13.00 62.00 75.00 OK
r-release-osx-x86_64 0.3.0 NOTE
r-oldrel-windows-ix86+x86_64 0.3.0 7.00 55.00 62.00 OK
r-oldrel-osx-x86_64 0.3.0 NOTE

Check Details

Version: 0.3.0
Check: dependencies in R code
Result: NOTE
    Namespaces in Imports field not imported from:
     ‘magrittr’ ‘stringr’
     All declared Imports should be used.
Flavors: r-devel-linux-x86_64-fedora-clang, r-devel-linux-x86_64-fedora-gcc, r-patched-solaris-x86, r-release-osx-x86_64, r-oldrel-osx-x86_64