CRAN Package Check Results for Package mmc

Last updated on 2021-04-15 09:50:06 CEST.

Flavor Version Tinstall Tcheck Ttotal Status Flags
r-devel-linux-x86_64-debian-clang 0.0.3 7.71 61.93 69.64 OK
r-devel-linux-x86_64-debian-gcc 0.0.3 5.24 47.69 52.93 OK
r-devel-linux-x86_64-fedora-clang 0.0.3 95.14 OK
r-devel-linux-x86_64-fedora-gcc 0.0.3 81.42 OK
r-devel-windows-ix86+x86_64 0.0.3 17.00 5.00 22.00 ERROR
r-devel-windows-x86_64-gcc10-UCRT 0.0.3 OK
r-patched-linux-x86_64 0.0.3 7.06 56.88 63.94 OK
r-patched-solaris-x86 0.0.3 126.30 OK
r-release-linux-x86_64 0.0.3 7.64 57.45 65.09 OK
r-release-macos-x86_64 0.0.3 OK
r-release-windows-ix86+x86_64 0.0.3 13.00 85.00 98.00 OK
r-oldrel-macos-x86_64 0.0.3 OK
r-oldrel-windows-ix86+x86_64 0.0.3 13.00 57.00 70.00 OK

Check Details

Version: 0.0.3
Check: whether package can be installed
Result: ERROR
    Installation failed.
Flavor: r-devel-windows-ix86+x86_64