CRAN Package Check Results for Package mlmi

Last updated on 2021-04-15 09:50:06 CEST.

Flavor Version Tinstall Tcheck Ttotal Status Flags
r-devel-linux-x86_64-debian-clang 1.0.0 2.58 67.23 69.81 NOTE
r-devel-linux-x86_64-debian-gcc 1.0.0 2.00 51.40 53.40 NOTE
r-devel-linux-x86_64-fedora-clang 1.0.0 92.38 NOTE
r-devel-linux-x86_64-fedora-gcc 1.0.0 80.95 NOTE
r-devel-windows-ix86+x86_64 1.0.0 5.00 5.00 10.00 ERROR
r-devel-windows-x86_64-gcc10-UCRT 1.0.0 NOTE
r-patched-linux-x86_64 1.0.0 2.52 64.56 67.08 OK
r-patched-solaris-x86 1.0.0 144.10 OK
r-release-linux-x86_64 1.0.0 2.38 64.35 66.73 OK
r-release-macos-x86_64 1.0.0 OK
r-release-windows-ix86+x86_64 1.0.0 5.00 99.00 104.00 OK
r-oldrel-macos-x86_64 1.0.0 OK
r-oldrel-windows-ix86+x86_64 1.0.0 4.00 74.00 78.00 OK

Check Details

Version: 1.0.0
Check: LazyData
Result: NOTE
     'LazyData' is specified without a 'data' directory
Flavors: r-devel-linux-x86_64-debian-clang, r-devel-linux-x86_64-debian-gcc, r-devel-linux-x86_64-fedora-clang, r-devel-linux-x86_64-fedora-gcc, r-devel-windows-x86_64-gcc10-UCRT

Version: 1.0.0
Check: whether package can be installed
Result: ERROR
    Installation failed.
    See *
Flavor: r-devel-windows-ix86+x86_64