CRAN Package Check Results for Package mixmeta

Last updated on 2021-04-15 09:50:06 CEST.

Flavor Version Tinstall Tcheck Ttotal Status Flags
r-devel-linux-x86_64-debian-clang 1.1.1 5.95 75.99 81.94 OK
r-devel-linux-x86_64-debian-gcc 1.1.1 5.17 54.32 59.49 OK
r-devel-linux-x86_64-fedora-clang 1.1.1 102.61 NOTE
r-devel-linux-x86_64-fedora-gcc 1.1.1 92.67 OK
r-devel-windows-ix86+x86_64 1.1.1 11.00 4.00 15.00 ERROR
r-devel-windows-x86_64-gcc10-UCRT 1.1.1 OK
r-patched-linux-x86_64 1.1.1 5.61 68.94 74.55 OK
r-patched-solaris-x86 1.1.1 113.50 OK
r-release-linux-x86_64 1.1.1 6.04 69.68 75.72 OK
r-release-macos-x86_64 1.1.1 OK
r-release-windows-ix86+x86_64 1.1.1 9.00 91.00 100.00 OK
r-oldrel-macos-x86_64 1.1.1 OK
r-oldrel-windows-ix86+x86_64 1.1.1 10.00 64.00 74.00 OK

Check Details

Version: 1.1.1
Check: Rd cross-references
Result: NOTE
    Undeclared package ‘mvmeta’ in Rd xrefs
Flavor: r-devel-linux-x86_64-fedora-clang

Version: 1.1.1
Check: whether package can be installed
Result: ERROR
    Installation failed.
    See for details.
    *
Flavor: r-devel-windows-ix86+x86_64