CRAN Package Check Results for Package mixedMem

Last updated on 2021-04-15 09:50:06 CEST.

Flavor Version Tinstall Tcheck Ttotal Status Flags
r-devel-linux-x86_64-debian-clang 1.1.2 179.86 64.16 244.02 OK
r-devel-linux-x86_64-debian-gcc 1.1.2 118.03 50.86 168.89 OK
r-devel-linux-x86_64-fedora-clang 1.1.2 364.20 NOTE
r-devel-linux-x86_64-fedora-gcc 1.1.2 310.87 OK
r-devel-windows-ix86+x86_64 1.1.2 431.00 4.00 435.00 ERROR
r-devel-windows-x86_64-gcc10-UCRT 1.1.2 OK
r-patched-linux-x86_64 1.1.2 137.62 60.65 198.27 OK
r-patched-solaris-x86 1.1.2 288.40 OK
r-release-linux-x86_64 1.1.2 141.62 61.48 203.10 OK
r-release-macos-x86_64 1.1.2 OK
r-release-windows-ix86+x86_64 1.1.2 433.00 120.00 553.00 OK
r-oldrel-macos-x86_64 1.1.2 OK
r-oldrel-windows-ix86+x86_64 1.1.2 373.00 91.00 464.00 OK

Check Details

Version: 1.1.2
Check: installed package size
Result: NOTE
     installed size is 5.8Mb
     sub-directories of 1Mb or more:
     libs 5.2Mb
Flavor: r-devel-linux-x86_64-fedora-clang

Version: 1.1.2
Check: whether package can be installed
Result: ERROR
    Installation failed.
    See * DONE
Flavor: r-devel-windows-ix86+x86_64