CRAN Package Check Results for Package mixKernel

Last updated on 2020-04-09 07:48:12 CEST.

Flavor Version Tinstall Tcheck Ttotal Status Flags
r-devel-linux-x86_64-debian-clang 0.4 27.14 224.50 251.64 OK
r-devel-linux-x86_64-debian-gcc 0.4 23.25 171.36 194.61 OK
r-devel-linux-x86_64-fedora-clang 0.4 340.05 OK
r-devel-linux-x86_64-fedora-gcc 0.4 290.99 OK
r-devel-windows-ix86+x86_64 0.4 6.00 8.00 14.00 ERROR
r-devel-windows-ix86+x86_64-gcc8 0.4 6.00 5.00 11.00 ERROR
r-patched-linux-x86_64 0.4 26.57 211.08 237.65 OK
r-patched-solaris-x86 0.4 472.70 OK
r-release-linux-x86_64 0.4 22.00 193.26 215.26 OK
r-release-windows-ix86+x86_64 0.4 51.00 276.00 327.00 OK
r-release-osx-x86_64 0.4 ERROR
r-oldrel-windows-ix86+x86_64 0.4 41.00 249.00 290.00 OK
r-oldrel-osx-x86_64 0.4 ERROR

Check Details

Version: 0.4
Check: whether package can be installed
Result: ERROR
    Installation failed.
Flavors: r-devel-windows-ix86+x86_64, r-devel-windows-ix86+x86_64-gcc8

Version: 0.4
Check: package dependencies
Result: ERROR
    Package required and available but unsuitable version: ‘reticulate’
    
    See section ‘The DESCRIPTION file’ in the ‘Writing R Extensions’
    manual.
Flavors: r-release-osx-x86_64, r-oldrel-osx-x86_64