CRAN Package Check Results for Package mixAK

Last updated on 2021-06-16 09:53:29 CEST.

Flavor Version Tinstall Tcheck Ttotal Status Flags
r-devel-linux-x86_64-debian-clang 5.3 77.96 177.77 255.73 OK
r-devel-linux-x86_64-debian-gcc 5.3 50.84 131.84 182.68 OK
r-devel-linux-x86_64-fedora-clang 5.3 324.59 NOTE
r-devel-linux-x86_64-fedora-gcc 5.3 295.40 OK
r-devel-windows-x86_64 5.3 113.00 200.00 313.00 OK
r-devel-windows-x86_64-gcc10-UCRT 5.3 OK
r-patched-linux-x86_64 5.3 64.18 172.68 236.86 OK
r-patched-solaris-x86 5.3 413.90 OK
r-release-linux-x86_64 5.3 58.37 171.49 229.86 OK
r-release-windows-ix86+x86_64 5.3 190.00 237.00 427.00 OK
r-oldrel-windows-ix86+x86_64 5.3 180.00 244.00 424.00 OK

Check Details

Version: 5.3
Check: Rd cross-references
Result: NOTE
    Undeclared package ‘mvtnorm’ in Rd xrefs
Flavor: r-devel-linux-x86_64-fedora-clang