CRAN Package Check Results for Package missingHE

Last updated on 2020-02-27 17:51:00 CET.

Flavor Version Tinstall Tcheck Ttotal Status Flags
r-devel-linux-x86_64-debian-clang 1.3.2 15.05 96.20 111.25 OK
r-devel-linux-x86_64-debian-gcc 1.3.2 10.21 71.03 81.24 OK
r-devel-linux-x86_64-fedora-clang 1.3.2 126.82 NOTE
r-devel-linux-x86_64-fedora-gcc 1.3.2 123.49 NOTE
r-devel-windows-ix86+x86_64 1.3.2 21.00 101.00 122.00 OK
r-devel-windows-ix86+x86_64-gcc8 1.3.2 23.00 105.00 128.00 OK
r-patched-linux-x86_64 1.3.2 13.75 84.02 97.77 OK
r-patched-solaris-x86 1.3.2 157.20 NOTE
r-release-linux-x86_64 1.3.2 11.41 82.29 93.70 OK
r-release-windows-ix86+x86_64 1.3.2 22.00 89.00 111.00 OK
r-release-osx-x86_64 1.3.2 NOTE
r-oldrel-windows-ix86+x86_64 1.3.2 17.00 102.00 119.00 OK
r-oldrel-osx-x86_64 1.3.2 NOTE

Check Details

Version: 1.3.2
Check: dependencies in R code
Result: NOTE
    Namespace in Imports field not imported from: ‘mcmcr’
     All declared Imports should be used.
Flavors: r-devel-linux-x86_64-fedora-clang, r-devel-linux-x86_64-fedora-gcc, r-patched-solaris-x86, r-release-osx-x86_64, r-oldrel-osx-x86_64