CRAN Package Check Results for Package missDeaths

Last updated on 2021-04-15 09:50:06 CEST.

Flavor Version Tinstall Tcheck Ttotal Status Flags
r-devel-linux-x86_64-debian-clang 2.7 46.20 121.96 168.16 OK
r-devel-linux-x86_64-debian-gcc 2.7 31.22 92.77 123.99 OK
r-devel-linux-x86_64-fedora-clang 2.7 216.67 OK
r-devel-linux-x86_64-fedora-gcc 2.7 194.51 OK
r-devel-windows-ix86+x86_64 2.7 109.00 5.00 114.00 ERROR
r-devel-windows-x86_64-gcc10-UCRT 2.7 OK
r-patched-linux-x86_64 2.7 34.99 111.33 146.32 OK
r-patched-solaris-x86 2.7 270.10 OK
r-release-linux-x86_64 2.7 37.95 111.63 149.58 OK
r-release-macos-x86_64 2.7 OK
r-release-windows-ix86+x86_64 2.7 109.00 218.00 327.00 OK
r-oldrel-macos-x86_64 2.7 OK
r-oldrel-windows-ix86+x86_64 2.7 66.00 140.00 206.00 OK

Check Details

Version: 2.7
Check: whether package can be installed
Result: ERROR
    Installation failed.
Flavor: r-devel-windows-ix86+x86_64