CRAN Package Check Results for Package misclassGLM

Last updated on 2021-04-15 09:50:06 CEST.

Flavor Version Tinstall Tcheck Ttotal Status Flags
r-devel-linux-x86_64-debian-clang 0.3.2 13.02 89.98 103.00 OK
r-devel-linux-x86_64-debian-gcc 0.3.2 9.33 67.49 76.82 OK
r-devel-linux-x86_64-fedora-clang 0.3.2 132.68 OK
r-devel-linux-x86_64-fedora-gcc 0.3.2 119.47 OK
r-devel-windows-ix86+x86_64 0.3.2 34.00 4.00 38.00 ERROR
r-devel-windows-x86_64-gcc10-UCRT 0.3.2 OK
r-patched-linux-x86_64 0.3.2 12.46 81.68 94.14 OK
r-patched-solaris-x86 0.3.2 174.00 OK
r-release-linux-x86_64 0.3.2 12.46 82.46 94.92 OK
r-release-macos-x86_64 0.3.2 OK
r-release-windows-ix86+x86_64 0.3.2 30.00 141.00 171.00 OK
r-oldrel-macos-x86_64 0.3.2 OK
r-oldrel-windows-ix86+x86_64 0.3.2 20.00 89.00 109.00 OK

Check Details

Version: 0.3.2
Check: whether package can be installed
Result: ERROR
    Installation failed.
    See
Flavor: r-devel-windows-ix86+x86_64