CRAN Package Check Results for Package miscF

Last updated on 2021-04-15 09:50:06 CEST.

Flavor Version Tinstall Tcheck Ttotal Status Flags
r-devel-linux-x86_64-debian-clang 0.1-5 11.48 84.23 95.71 OK
r-devel-linux-x86_64-debian-gcc 0.1-5 10.21 65.54 75.75 OK
r-devel-linux-x86_64-fedora-clang 0.1-5 127.70 NOTE
r-devel-linux-x86_64-fedora-gcc 0.1-5 114.63 OK
r-devel-windows-ix86+x86_64 0.1-5 43.00 4.00 47.00 ERROR
r-devel-windows-x86_64-gcc10-UCRT 0.1-5 NOTE
r-patched-linux-x86_64 0.1-5 10.51 78.35 88.86 OK
r-patched-solaris-x86 0.1-5 178.10 NOTE
r-release-linux-x86_64 0.1-5 10.78 77.79 88.57 OK
r-release-macos-x86_64 0.1-5 NOTE
r-release-windows-ix86+x86_64 0.1-5 49.00 137.00 186.00 OK
r-oldrel-macos-x86_64 0.1-5 NOTE
r-oldrel-windows-ix86+x86_64 0.1-5 31.00 93.00 124.00 OK

Check Details

Version: 0.1-5
Check: Rd cross-references
Result: NOTE
    Undeclared packages ‘pspline’, ‘lme4’ in Rd xrefs
Flavor: r-devel-linux-x86_64-fedora-clang

Version: 0.1-5
Check: whether package can be installed
Result: ERROR
    Installation failed.
    See 'd:/Rcompile/CRANpkg/local/4.1/miscF.Rcheck/00install.out'*
Flavor: r-devel-windows-ix86+x86_64

Version: 0.1-5
Check: package dependencies
Result: NOTE
    Package suggested but not available for checking: 'BRugs'
Flavors: r-devel-windows-x86_64-gcc10-UCRT, r-patched-solaris-x86

Version: 0.1-5
Check: package dependencies
Result: NOTE
    Packages suggested but not available for checking: 'mixAK', 'BRugs'
Flavors: r-release-macos-x86_64, r-oldrel-macos-x86_64

Version: 0.1-5
Check: Rd cross-references
Result: NOTE
    Package unavailable to check Rd xrefs: ‘mixAK’
Flavors: r-release-macos-x86_64, r-oldrel-macos-x86_64