CRAN Package Check Results for Package minimaxdesign

Last updated on 2020-07-06 21:50:31 CEST.

Flavor Version Tinstall Tcheck Ttotal Status Flags
r-devel-linux-x86_64-debian-clang 0.1.4 72.80 26.14 98.94 OK
r-devel-linux-x86_64-debian-gcc 0.1.4 55.55 21.14 76.69 OK
r-devel-linux-x86_64-fedora-clang 0.1.4 148.51 NOTE
r-devel-linux-x86_64-fedora-gcc 0.1.4 131.76 NOTE
r-devel-windows-ix86+x86_64 0.1.4 189.00 63.00 252.00 OK
r-patched-linux-x86_64 0.1.4 58.43 26.23 84.66 OK
r-patched-solaris-x86 0.1.4 129.80 NOTE
r-release-linux-x86_64 0.1.4 59.54 26.09 85.63 OK
r-release-osx-x86_64 0.1.4 NOTE
r-release-windows-ix86+x86_64 0.1.4 150.00 98.00 248.00 OK
r-oldrel-osx-x86_64 0.1.4 NOTE
r-oldrel-windows-ix86+x86_64 0.1.4 159.00 82.00 241.00 OK

Check Details

Version: 0.1.4
Check: dependencies in R code
Result: NOTE
    Namespaces in Imports field not imported from:
     ‘DiceDesign’ ‘MaxPro’ ‘doSNOW’ ‘gmp’ ‘jpeg’
     All declared Imports should be used.
Flavors: r-devel-linux-x86_64-fedora-clang, r-devel-linux-x86_64-fedora-gcc, r-patched-solaris-x86, r-release-osx-x86_64, r-oldrel-osx-x86_64