CRAN Package Check Results for Package minimaxdesign

Last updated on 2020-02-17 14:47:53 CET.

Flavor Version Tinstall Tcheck Ttotal Status Flags
r-devel-linux-x86_64-debian-clang 0.1.4 71.09 26.92 98.01 OK
r-devel-linux-x86_64-debian-gcc 0.1.4 46.07 21.05 67.12 OK
r-devel-linux-x86_64-fedora-clang 0.1.4 132.22 NOTE
r-devel-linux-x86_64-fedora-gcc 0.1.4 127.59 NOTE
r-devel-windows-ix86+x86_64 0.1.4 135.00 77.00 212.00 OK
r-devel-windows-ix86+x86_64-gcc8 0.1.4 213.00 76.00 289.00 OK
r-patched-linux-x86_64 0.1.4 54.10 23.54 77.64 OK
r-patched-solaris-x86 0.1.4 120.80 NOTE
r-release-linux-x86_64 0.1.4 54.97 23.42 78.39 OK
r-release-windows-ix86+x86_64 0.1.4 119.00 58.00 177.00 OK
r-release-osx-x86_64 0.1.4 NOTE
r-oldrel-windows-ix86+x86_64 0.1.4 102.00 53.00 155.00 OK
r-oldrel-osx-x86_64 0.1.4 NOTE

Check Details

Version: 0.1.4
Check: dependencies in R code
Result: NOTE
    Namespaces in Imports field not imported from:
     ‘DiceDesign’ ‘MaxPro’ ‘doSNOW’ ‘gmp’ ‘jpeg’
     All declared Imports should be used.
Flavors: r-devel-linux-x86_64-fedora-clang, r-devel-linux-x86_64-fedora-gcc, r-patched-solaris-x86, r-release-osx-x86_64, r-oldrel-osx-x86_64