CRAN Package Check Results for Package mimi

Last updated on 2020-03-30 20:48:33 CEST.

Flavor Version Tinstall Tcheck Ttotal Status Flags
r-devel-linux-x86_64-debian-clang 0.2.0 6.30 40.39 46.69 OK
r-devel-linux-x86_64-debian-gcc 0.2.0 4.64 30.70 35.34 OK
r-devel-linux-x86_64-fedora-clang 0.2.0 55.05 NOTE
r-devel-linux-x86_64-fedora-gcc 0.2.0 55.22 NOTE
r-devel-windows-ix86+x86_64 0.2.0 18.00 44.00 62.00 OK
r-devel-windows-ix86+x86_64-gcc8 0.2.0 13.00 47.00 60.00 OK
r-patched-linux-x86_64 0.2.0 6.25 38.71 44.96 OK
r-patched-solaris-x86 0.2.0 80.30 NOTE
r-release-linux-x86_64 0.2.0 4.89 35.64 40.53 OK
r-release-windows-ix86+x86_64 0.2.0 16.00 66.00 82.00 OK
r-release-osx-x86_64 0.2.0 NOTE
r-oldrel-windows-ix86+x86_64 0.2.0 15.00 61.00 76.00 OK
r-oldrel-osx-x86_64 0.2.0 NOTE

Check Details

Version: 0.2.0
Check: dependencies in R code
Result: NOTE
    Namespaces in Imports field not imported from:
     ‘FactoMineR’ ‘softImpute’
     All declared Imports should be used.
Flavors: r-devel-linux-x86_64-fedora-clang, r-devel-linux-x86_64-fedora-gcc, r-patched-solaris-x86, r-release-osx-x86_64, r-oldrel-osx-x86_64