CRAN Package Check Results for Package milorGWAS

Last updated on 2021-06-20 09:49:56 CEST.

Flavor Version Tinstall Tcheck Ttotal Status Flags
r-devel-linux-x86_64-debian-clang 0.3 61.10 90.32 151.42 OK
r-devel-linux-x86_64-debian-gcc 0.3 38.04 70.52 108.56 OK
r-devel-linux-x86_64-fedora-clang 0.3 210.60 NOTE
r-devel-linux-x86_64-fedora-gcc 0.3 186.47 OK
r-devel-windows-x86_64 0.3 69.00 93.00 162.00 OK
r-devel-windows-x86_64-gcc10-UCRT 0.3 OK
r-patched-linux-x86_64 0.3 47.40 90.01 137.41 OK
r-patched-solaris-x86 0.3 282.50 OK
r-release-linux-x86_64 0.3 48.31 88.88 137.19 OK
r-release-macos-arm64 0.3 NOTE
r-release-macos-x86_64 0.3 NOTE
r-release-windows-ix86+x86_64 0.3 134.00 151.00 285.00 OK
r-oldrel-macos-x86_64 0.3 NOTE
r-oldrel-windows-ix86+x86_64 0.3 99.00 150.00 249.00 OK

Check Details

Version: 0.3
Check: installed package size
Result: NOTE
     installed size is 6.4Mb
     sub-directories of 1Mb or more:
     libs 5.8Mb
Flavors: r-devel-linux-x86_64-fedora-clang, r-release-macos-arm64, r-release-macos-x86_64, r-oldrel-macos-x86_64