CRAN Package Check Results for Package miRtest

Last updated on 2021-04-15 09:50:06 CEST.

Flavor Version Tinstall Tcheck Ttotal Status Flags
r-devel-linux-x86_64-debian-clang 1.8 27.49 264.96 292.45 NOTE
r-devel-linux-x86_64-debian-gcc 1.8 25.23 198.00 223.23 NOTE
r-devel-linux-x86_64-fedora-clang 1.8 364.99 NOTE
r-devel-linux-x86_64-fedora-gcc 1.8 344.62 NOTE
r-devel-windows-ix86+x86_64 1.8 66.00 4.00 70.00 ERROR
r-devel-windows-x86_64-gcc10-UCRT 1.8 NOTE
r-patched-linux-x86_64 1.8 22.25 214.52 236.77 NOTE
r-patched-solaris-x86 1.8 444.50 NOTE
r-release-linux-x86_64 1.8 23.61 214.26 237.87 NOTE
r-release-macos-x86_64 1.8 ERROR
r-release-windows-ix86+x86_64 1.8 50.00 272.00 322.00 NOTE
r-oldrel-macos-x86_64 1.8 NOTE
r-oldrel-windows-ix86+x86_64 1.8 53.00 186.00 239.00 NOTE

Check Details

Version: 1.8
Check: DESCRIPTION meta-information
Result: NOTE
    Malformed Description field: should contain one or more complete sentences.
Flavors: r-devel-linux-x86_64-debian-clang, r-devel-linux-x86_64-debian-gcc, r-devel-linux-x86_64-fedora-clang, r-devel-linux-x86_64-fedora-gcc, r-devel-windows-x86_64-gcc10-UCRT, r-patched-linux-x86_64, r-patched-solaris-x86, r-release-linux-x86_64, r-release-windows-ix86+x86_64, r-oldrel-macos-x86_64, r-oldrel-windows-ix86+x86_64

Version: 1.8
Check: R code for possible problems
Result: NOTE
    fisher.combination: no visible global function definition for 'pchisq'
    gs.test: no visible global function definition for 'ks.test'
    gs.test: no visible global function definition for 'wilcox.test'
    gs.test: no visible global function definition for 'fisher.test'
    inverse.normal.combination: no visible global function definition for
     'qnorm'
    inverse.normal.combination: no visible global function definition for
     'pnorm'
    limma.one.sided: no visible global function definition for 'pt'
    Undefined global functions or variables:
     fisher.test ks.test pchisq pnorm pt qnorm wilcox.test
    Consider adding
     importFrom("stats", "fisher.test", "ks.test", "pchisq", "pnorm", "pt",
     "qnorm", "wilcox.test")
    to your NAMESPACE file.
Flavors: r-devel-linux-x86_64-debian-clang, r-devel-linux-x86_64-debian-gcc, r-devel-linux-x86_64-fedora-clang, r-devel-linux-x86_64-fedora-gcc, r-devel-windows-x86_64-gcc10-UCRT, r-patched-linux-x86_64, r-patched-solaris-x86, r-release-linux-x86_64, r-release-windows-ix86+x86_64, r-oldrel-macos-x86_64, r-oldrel-windows-ix86+x86_64

Version: 1.8
Check: whether package can be installed
Result: ERROR
    Installation failed.
    See for details.
    *
Flavor: r-devel-windows-ix86+x86_64

Version: 1.8
Check: package dependencies
Result: ERROR
    Package required but not available: ‘GlobalAncova’
    
    See section ‘The DESCRIPTION file’ in the ‘Writing R Extensions’
    manual.
Flavor: r-release-macos-x86_64