CRAN Package Check Results for Package mgcViz

Last updated on 2021-04-15 09:50:05 CEST.

Flavor Version Tinstall Tcheck Ttotal Status Flags
r-devel-linux-x86_64-debian-clang 0.1.6 22.06 327.66 349.72 NOTE
r-devel-linux-x86_64-debian-gcc 0.1.6 16.91 246.91 263.82 NOTE
r-devel-linux-x86_64-fedora-clang 0.1.6 416.69 NOTE
r-devel-linux-x86_64-fedora-gcc 0.1.6 408.51 NOTE
r-devel-windows-ix86+x86_64 0.1.6 45.00 5.00 50.00 ERROR
r-devel-windows-x86_64-gcc10-UCRT 0.1.6 NOTE
r-patched-linux-x86_64 0.1.6 21.03 316.71 337.74 OK
r-patched-solaris-x86 0.1.6 499.20 WARN
r-release-linux-x86_64 0.1.6 18.61 315.80 334.41 OK
r-release-macos-x86_64 0.1.6 NOTE
r-release-windows-ix86+x86_64 0.1.6 45.00 511.00 556.00 NOTE
r-oldrel-macos-x86_64 0.1.6 WARN
r-oldrel-windows-ix86+x86_64 0.1.6 26.00 390.00 416.00 NOTE

Check Details

Version: 0.1.6
Check: LazyData
Result: NOTE
     'LazyData' is specified without a 'data' directory
Flavors: r-devel-linux-x86_64-debian-clang, r-devel-linux-x86_64-debian-gcc, r-devel-linux-x86_64-fedora-clang, r-devel-linux-x86_64-fedora-gcc, r-devel-windows-x86_64-gcc10-UCRT

Version: 0.1.6
Check: installed package size
Result: NOTE
     installed size is 5.1Mb
     sub-directories of 1Mb or more:
     doc 4.4Mb
Flavors: r-devel-linux-x86_64-fedora-clang, r-patched-solaris-x86, r-release-macos-x86_64, r-release-windows-ix86+x86_64, r-oldrel-macos-x86_64, r-oldrel-windows-ix86+x86_64

Version: 0.1.6
Check: whether package can be installed
Result: ERROR
    Installation failed.
Flavor: r-devel-windows-ix86+x86_64

Version: 0.1.6
Check: re-building of vignette outputs
Result: WARN
    Error(s) in re-building vignettes:
     ...
    --- re-building ‘mgcviz.rmd’ using rmarkdown
    Warning in engine$weave(file, quiet = quiet, encoding = enc) :
     Pandoc (>= 1.12.3) and/or pandoc-citeproc not available. Falling back to R Markdown v1.
    Loading required package: mgcv
    Loading required package: nlme
    This is mgcv 1.8-34. For overview type 'help("mgcv-package")'.
    Loading required package: qgam
    Loading required package: ggplot2
    Registered S3 method overwritten by 'mgcViz':
     method from
     +.gg GGally
    
    Attaching package: 'mgcViz'
    
    The following objects are masked from 'package:stats':
    
     qqline, qqnorm, qqplot
    
    PhantomJS not found. You can install it with webshot::install_phantomjs(). If it is installed, please make sure the phantomjs executable can be found via the PATH variable.
    Quitting from lines 173-181 (mgcviz.rmd)
    Error: processing vignette 'mgcviz.rmd' failed with diagnostics:
    invalid 'path' argument
    --- failed re-building ‘mgcviz.rmd’
    
    SUMMARY: processing the following file failed:
     ‘mgcviz.rmd’
    
    Error: Vignette re-building failed.
    Execution halted
Flavor: r-patched-solaris-x86

Version: 0.1.6
Check: whether package can be installed
Result: WARN
    Found the following significant warnings:
     Warning: 'rgl.init' failed, running with 'rgl.useNULL = TRUE'.
Flavor: r-oldrel-macos-x86_64