CRAN Package Check Results for Package methcon5

Last updated on 2021-04-15 09:50:05 CEST.

Flavor Version Tinstall Tcheck Ttotal Status Flags
r-devel-linux-x86_64-debian-clang 0.1.0 2.16 29.74 31.90 OK
r-devel-linux-x86_64-debian-gcc 0.1.0 1.66 23.47 25.13 OK
r-devel-linux-x86_64-fedora-clang 0.1.0 47.71 OK
r-devel-linux-x86_64-fedora-gcc 0.1.0 38.20 OK
r-devel-windows-ix86+x86_64 0.1.0 9.00 4.00 13.00 ERROR
r-devel-windows-x86_64-gcc10-UCRT 0.1.0 OK
r-patched-linux-x86_64 0.1.0 2.03 28.85 30.88 OK
r-patched-solaris-x86 0.1.0 58.70 OK
r-release-linux-x86_64 0.1.0 2.14 29.11 31.25 OK
r-release-macos-x86_64 0.1.0 OK
r-release-windows-ix86+x86_64 0.1.0 15.00 47.00 62.00 OK
r-oldrel-macos-x86_64 0.1.0 OK
r-oldrel-windows-ix86+x86_64 0.1.0 3.00 35.00 38.00 OK

Check Details

Version: 0.1.0
Check: whether package can be installed
Result: ERROR
    Installation failed.
Flavor: r-devel-windows-ix86+x86_64