CRAN Package Check Results for Package metapower

Last updated on 2021-04-15 09:50:05 CEST.

Flavor Version Tinstall Tcheck Ttotal Status Flags
r-devel-linux-x86_64-debian-clang 0.2.2 6.98 71.18 78.16 NOTE
r-devel-linux-x86_64-debian-gcc 0.2.2 5.65 53.18 58.83 NOTE
r-devel-linux-x86_64-fedora-clang 0.2.2 99.94 NOTE
r-devel-linux-x86_64-fedora-gcc 0.2.2 89.28 NOTE
r-devel-windows-ix86+x86_64 0.2.2 16.00 5.00 21.00 ERROR
r-devel-windows-x86_64-gcc10-UCRT 0.2.2 NOTE
r-patched-linux-x86_64 0.2.2 7.02 66.80 73.82 OK
r-patched-solaris-x86 0.2.2 136.10 OK
r-release-linux-x86_64 0.2.2 5.86 67.61 73.47 OK
r-release-macos-x86_64 0.2.2 OK
r-release-windows-ix86+x86_64 0.2.2 17.00 86.00 103.00 OK
r-oldrel-macos-x86_64 0.2.2 OK
r-oldrel-windows-ix86+x86_64 0.2.2 10.00 57.00 67.00 OK

Check Details

Version: 0.2.2
Check: LazyData
Result: NOTE
     'LazyData' is specified without a 'data' directory
Flavors: r-devel-linux-x86_64-debian-clang, r-devel-linux-x86_64-debian-gcc, r-devel-linux-x86_64-fedora-clang, r-devel-linux-x86_64-fedora-gcc, r-devel-windows-x86_64-gcc10-UCRT

Version: 0.2.2
Check: whether package can be installed
Result: ERROR
    
    See *
Flavor: r-devel-windows-ix86+x86_64