CRAN Package Check Results for Package metagear

Last updated on 2021-04-15 09:50:05 CEST.

Flavor Version Tinstall Tcheck Ttotal Status Flags
r-devel-linux-x86_64-debian-clang 0.7 12.90 118.86 131.76 OK
r-devel-linux-x86_64-debian-gcc 0.7 9.81 90.38 100.19 OK
r-devel-linux-x86_64-fedora-clang 0.7 169.81 OK
r-devel-linux-x86_64-fedora-gcc 0.7 158.91 OK
r-devel-windows-ix86+x86_64 0.7 28.00 8.00 36.00 ERROR
r-devel-windows-x86_64-gcc10-UCRT 0.7 OK
r-patched-linux-x86_64 0.7 12.88 110.27 123.15 OK
r-patched-solaris-x86 0.7 224.40 OK
r-release-linux-x86_64 0.7 12.57 109.58 122.15 OK
r-release-macos-x86_64 0.7 OK
r-release-windows-ix86+x86_64 0.7 23.00 126.00 149.00 OK
r-oldrel-macos-x86_64 0.7 WARN
r-oldrel-windows-ix86+x86_64 0.7 25.00 84.00 109.00 OK

Check Details

Version: 0.7
Check: whether package can be installed
Result: ERROR
    
    See * DONE
Flavor: r-devel-windows-ix86+x86_64

Version: 0.7
Check: dependencies in R code
Result: NOTE
    No protocol specified
    No protocol specified
Flavor: r-oldrel-macos-x86_64

Version: 0.7
Check: S3 generic/method consistency
Result: WARN
    No protocol specified
    No protocol specified
    See section ‘Generic functions and methods’ in the ‘Writing R
    Extensions’ manual.
Flavor: r-oldrel-macos-x86_64

Version: 0.7
Check: replacement functions
Result: WARN
    No protocol specified
    No protocol specified
    The argument of a replacement function which corresponds to the right
    hand side must be named ‘value’.
Flavor: r-oldrel-macos-x86_64

Version: 0.7
Check: foreign function calls
Result: NOTE
    No protocol specified
    No protocol specified
    See chapter ‘System and foreign language interfaces’ in the ‘Writing R
    Extensions’ manual.
Flavor: r-oldrel-macos-x86_64

Version: 0.7
Check: R code for possible problems
Result: NOTE
    No protocol specified
    No protocol specified
Flavor: r-oldrel-macos-x86_64

Version: 0.7
Check: for missing documentation entries
Result: WARN
    No protocol specified
    No protocol specified
    All user-level objects in a package should have documentation entries.
    See chapter ‘Writing R documentation files’ in the ‘Writing R
    Extensions’ manual.
Flavor: r-oldrel-macos-x86_64

Version: 0.7
Check: for code/documentation mismatches
Result: WARN
    No protocol specified
    No protocol specified
    No protocol specified
    No protocol specified
    No protocol specified
    No protocol specified
Flavor: r-oldrel-macos-x86_64

Version: 0.7
Check: Rd \usage sections
Result: NOTE
    No protocol specified
    No protocol specified
    The \usage entries for S3 methods should use the \method markup and not
    their full name.
    See chapter ‘Writing R documentation files’ in the ‘Writing R
    Extensions’ manual.
Flavor: r-oldrel-macos-x86_64